{"id":44,"date":"2013-11-21T20:19:12","date_gmt":"2013-11-21T19:19:12","guid":{"rendered":"http:\/\/hallaryd.se\/?page_id=44"},"modified":"2013-11-23T18:40:04","modified_gmt":"2013-11-23T17:40:04","slug":"historia","status":"publish","type":"page","link":"https:\/\/hallaryd.se\/?page_id=44","title":{"rendered":"Historia"},"content":{"rendered":"<p>Hallaryds Socken har anor fr\u00e5n medeltiden och Helge\u00e5omr\u00e5det, som socknen ligger i, tros ha haft en fast befolkning fr\u00e5n yngre sten\u00e5ldern och fram\u00e5t. Trakten \u00e4r k\u00e4nd f\u00f6r sina stora biologiska v\u00e4rden med m\u00e5nga biotopskyddade omr\u00e5den. H\u00e4r finns ocks\u00e5 en<br \/>\ndomarring och en tingsplats fr\u00e5n folkvandringstiden. Kyrkbyn omn\u00e4mns f\u00f6r f\u00f6rsta<br \/>\ng\u00e5ngen i en jordebok fr\u00e5n 1500-talet som Hallarid. Namnet har tolkats som r\u00f6jningen vid berget och berget i fr\u00e5ga l\u00e4r vara Kornberga. Det anses att det funnits befolkning fr\u00e5n \u00e5tminstone 1200-talet nedanf\u00f6r denna h\u00f6jd och den f\u00f6rsta kyrkan \u00e4r fr\u00e5n denna tid. Den andra kyrkan byggdes p\u00e5 1570-talet och den nuvarande under 1860-talet.<br \/>\nByggnaderna i kyrkbyn, f\u00f6rsamlingshemmet, kyrkan och handelsboden har i allt<br \/>\nv\u00e4sentligt beh\u00e5llit dragen fr\u00e5n sekelskiftet och \u00e4r d\u00e4rf\u00f6r ett av l\u00e4nets f\u00e5 bevarade<br \/>\nsockencentra i sitt slag.<\/p>\n<p>Socknen har en 2,5 mil l\u00e5ng gr\u00e4ns mot Sk\u00e5ne och har pr\u00e4glats av gr\u00e4nsstrider med<br \/>\nkulmen under snapphaneupproret p\u00e5 1600-talet. Som typiskt exempel kan anf\u00f6ras en h\u00e4ndelse i Hallaryd. Erland Collianders pr\u00e4stg\u00e5rd \u00f6verf\u00f6lls \u00e5r 1678 av snapphanar som plundrade hans hus p\u00e5 allt l\u00f6s\u00f6re och band honom med sk\u00e4gget fastspikat i ett tr\u00e4d, d\u00e4r han fick f\u00f6rsm\u00e4kta under ett par dygn. F\u00f6ljande sommar, strax f\u00f6re krigsslutet (danska kriget), kom \u00e4nnu en styrka snapphanar och plundrade \u00e5ter pr\u00e4stg\u00e5rden. N\u00e4r de drog bort tog de pr\u00e4sten med sig och hotade att d\u00f6da honom. Efter en tid \u00e5terfick han friheten, sedan hustrun lyckats skrapa ihop en l\u00f6sesumma p\u00e5 160 daler. Erland kunde tr\u00f6sta sig med att Karl XI senare gav honom skattefrihet p\u00e5 livstid och andra g\u00e5vor.<\/p>\n<p>Idag \u00e4r Hallaryd en del av \u00c4lmhults kommun. Tv\u00e5 kommunsammanslagningar har<br \/>\ngenomf\u00f6rts, den f\u00f6rsta 1952 d\u00e5 Hallaryd gick upp i G\u00f6teryds storkommun och 1971 d\u00e5 G\u00f6teryd tillsammans med Hallaryd och Pj\u00e4tteryd gick in i \u00c4lmhults kommun. I Hallaryd bor det cirka 500 personer. H\u00e4r finns vacker natur, n\u00e4rhet till m\u00e5nga st\u00f6rre orter, ett rikt f\u00f6reningsliv, f\u00f6rskola och bibliotek.<\/p>\n<p><em>K\u00e4llor: Dick Harrison, Arthur Andersson, Gods och G\u00e5rdar 2007, Wikipedia<\/em><\/p>\n","protected":false},"excerpt":{"rendered":"<p>Hallaryds Socken har anor fr\u00e5n medeltiden och Helge\u00e5omr\u00e5det, som socknen ligger i, tros ha haft en fast befolkning fr\u00e5n yngre sten\u00e5ldern och fram\u00e5t. Trakten \u00e4r k\u00e4nd f\u00f6r sina stora biologiska v\u00e4rden med m\u00e5nga biotopskyddade omr\u00e5den. H\u00e4r finns ocks\u00e5 en domarring &hellip; <a href=\"https:\/\/hallaryd.se\/?page_id=44\">Continue reading <span class=\"meta-nav\">&rarr;<\/span><\/a><\/p>\n","protected":false},"author":12,"featured_media":0,"parent":0,"menu_order":0,"comment_status":"closed","ping_status":"closed","template":"sidebar-page.php","meta":{"footnotes":""},"class_list":["post-44","page","type-page","status-publish","hentry"],"_links":{"self":[{"href":"https:\/\/hallaryd.se\/index.php?rest_route=\/wp\/v2\/pages\/44","targetHints":{"allow":["GET"]}}],"collection":[{"href":"https:\/\/hallaryd.se\/index.php?rest_route=\/wp\/v2\/pages"}],"about":[{"href":"https:\/\/hallaryd.se\/index.php?rest_route=\/wp\/v2\/types\/page"}],"author":[{"embeddable":true,"href":"https:\/\/hallaryd.se\/index.php?rest_route=\/wp\/v2\/users\/12"}],"replies":[{"embeddable":true,"href":"https:\/\/hallaryd.se\/index.php?rest_route=%2Fwp%2Fv2%2Fcomments&post=44"}],"version-history":[{"count":2,"href":"https:\/\/hallaryd.se\/index.php?rest_route=\/wp\/v2\/pages\/44\/revisions"}],"predecessor-version":[{"id":106,"href":"https:\/\/hallaryd.se\/index.php?rest_route=\/wp\/v2\/pages\/44\/revisions\/106"}],"wp:attachment":[{"href":"https:\/\/hallaryd.se\/index.php?rest_route=%2Fwp%2Fv2%2Fmedia&parent=44"}],"curies":[{"name":"wp","href":"https:\/\/api.w.org\/{rel}","templated":true}]}}