{"id":251,"date":"2014-03-31T13:05:12","date_gmt":"2014-03-31T11:05:12","guid":{"rendered":"http:\/\/hallaryd.se\/?page_id=251"},"modified":"2024-12-17T19:55:44","modified_gmt":"2024-12-17T18:55:44","slug":"byggnadsforeningen-hallaborg","status":"publish","type":"page","link":"https:\/\/hallaryd.se\/?page_id=251","title":{"rendered":"Hallaryds Bygdeg\u00e5rdsf\u00f6rening, Hallaborg"},"content":{"rendered":"<h1>&nbsp;V\u00e4lkommen till Hallaborg!<\/h1>\n<p><strong>Hallaborg<\/strong> \u00e4r den r\u00e4tta platsen i Hallaryd f\u00f6r fest och dans! \u00c4ven st\u00f6rre m\u00f6ten och f\u00f6rel\u00e4sningar kan med f\u00f6rdel f\u00f6rl\u00e4ggas h\u00e4r. H\u00e4r finns ett v\u00e4lutrustat k\u00f6k och servering, sittplatser b\u00e5de vid bord och i salong samt en scen f\u00f6r den som vill sjunga och spela!<\/p>\n<p>F\u00f6r bokning kontakta Olle Bengtsson 070-541 10 34.<\/p>\n<p><a href=\"http:\/\/hallaryd.se\/wp-content\/uploads\/2014\/03\/6.jpg\"><img loading=\"lazy\" decoding=\"async\" class=\"alignleft size-medium wp-image-787\" src=\"http:\/\/hallaryd.se\/wp-content\/uploads\/2014\/03\/6-300x225.jpg\" alt=\"OLYMPUS DIGITAL CAMERA\" width=\"300\" height=\"225\" srcset=\"https:\/\/hallaryd.se\/wp-content\/uploads\/2014\/03\/6-300x225.jpg 300w, https:\/\/hallaryd.se\/wp-content\/uploads\/2014\/03\/6-1024x768.jpg 1024w, https:\/\/hallaryd.se\/wp-content\/uploads\/2014\/03\/6-400x300.jpg 400w\" sizes=\"auto, (max-width: 300px) 100vw, 300px\" \/><\/a><\/p>\n<p><a href=\"http:\/\/hallaryd.se\/wp-content\/uploads\/2014\/03\/3.jpg\"><img loading=\"lazy\" decoding=\"async\" class=\"alignleft size-medium wp-image-784\" src=\"http:\/\/hallaryd.se\/wp-content\/uploads\/2014\/03\/3-300x225.jpg\" alt=\"OLYMPUS DIGITAL CAMERA\" width=\"300\" height=\"228\"><\/a><\/p>\n<p><a href=\"http:\/\/hallaryd.se\/wp-content\/uploads\/2014\/03\/1.jpg\"><img loading=\"lazy\" decoding=\"async\" class=\"alignleft size-medium wp-image-786\" src=\"http:\/\/hallaryd.se\/wp-content\/uploads\/2014\/03\/1-300x225.jpg\" alt=\"OLYMPUS DIGITAL CAMERA\" width=\"300\" height=\"225\" srcset=\"https:\/\/hallaryd.se\/wp-content\/uploads\/2014\/03\/1-300x225.jpg 300w, https:\/\/hallaryd.se\/wp-content\/uploads\/2014\/03\/1-1024x768.jpg 1024w, https:\/\/hallaryd.se\/wp-content\/uploads\/2014\/03\/1-400x300.jpg 400w\" sizes=\"auto, (max-width: 300px) 100vw, 300px\" \/><\/a><\/p>\n<p><a href=\"http:\/\/hallaryd.se\/wp-content\/uploads\/2014\/03\/2.jpg\"><img loading=\"lazy\" decoding=\"async\" class=\"alignleft size-medium wp-image-788\" src=\"http:\/\/hallaryd.se\/wp-content\/uploads\/2014\/03\/2-300x225.jpg\" alt=\"OLYMPUS DIGITAL CAMERA\" width=\"300\" height=\"225\" srcset=\"https:\/\/hallaryd.se\/wp-content\/uploads\/2014\/03\/2-300x225.jpg 300w, https:\/\/hallaryd.se\/wp-content\/uploads\/2014\/03\/2-1024x768.jpg 1024w, https:\/\/hallaryd.se\/wp-content\/uploads\/2014\/03\/2-400x300.jpg 400w\" sizes=\"auto, (max-width: 300px) 100vw, 300px\" \/><\/a><\/p>\n<p><a href=\"http:\/\/hallaryd.se\/wp-content\/uploads\/2014\/03\/4.jpg\"><img loading=\"lazy\" decoding=\"async\" class=\"alignleft size-medium wp-image-785\" src=\"http:\/\/hallaryd.se\/wp-content\/uploads\/2014\/03\/4-300x225.jpg\" alt=\"OLYMPUS DIGITAL CAMERA\" width=\"300\" height=\"225\" srcset=\"https:\/\/hallaryd.se\/wp-content\/uploads\/2014\/03\/4-300x225.jpg 300w, https:\/\/hallaryd.se\/wp-content\/uploads\/2014\/03\/4-1024x768.jpg 1024w, https:\/\/hallaryd.se\/wp-content\/uploads\/2014\/03\/4-400x300.jpg 400w\" sizes=\"auto, (max-width: 300px) 100vw, 300px\" \/><\/a><\/p>\n","protected":false},"excerpt":{"rendered":"<p>&nbsp;V\u00e4lkommen till Hallaborg! Hallaborg \u00e4r den r\u00e4tta platsen i Hallaryd f\u00f6r fest och dans! \u00c4ven st\u00f6rre m\u00f6ten och f\u00f6rel\u00e4sningar kan med f\u00f6rdel f\u00f6rl\u00e4ggas h\u00e4r. H\u00e4r finns ett v\u00e4lutrustat k\u00f6k och servering, sittplatser b\u00e5de vid bord och i salong samt en &hellip; <a href=\"https:\/\/hallaryd.se\/?page_id=251\">Continue reading <span class=\"meta-nav\">&rarr;<\/span><\/a><\/p>\n","protected":false},"author":12,"featured_media":0,"parent":53,"menu_order":0,"comment_status":"closed","ping_status":"closed","template":"","meta":{"footnotes":""},"class_list":["post-251","page","type-page","status-publish","hentry"],"_links":{"self":[{"href":"https:\/\/hallaryd.se\/index.php?rest_route=\/wp\/v2\/pages\/251","targetHints":{"allow":["GET"]}}],"collection":[{"href":"https:\/\/hallaryd.se\/index.php?rest_route=\/wp\/v2\/pages"}],"about":[{"href":"https:\/\/hallaryd.se\/index.php?rest_route=\/wp\/v2\/types\/page"}],"author":[{"embeddable":true,"href":"https:\/\/hallaryd.se\/index.php?rest_route=\/wp\/v2\/users\/12"}],"replies":[{"embeddable":true,"href":"https:\/\/hallaryd.se\/index.php?rest_route=%2Fwp%2Fv2%2Fcomments&post=251"}],"version-history":[{"count":4,"href":"https:\/\/hallaryd.se\/index.php?rest_route=\/wp\/v2\/pages\/251\/revisions"}],"predecessor-version":[{"id":1969,"href":"https:\/\/hallaryd.se\/index.php?rest_route=\/wp\/v2\/pages\/251\/revisions\/1969"}],"up":[{"embeddable":true,"href":"https:\/\/hallaryd.se\/index.php?rest_route=\/wp\/v2\/pages\/53"}],"wp:attachment":[{"href":"https:\/\/hallaryd.se\/index.php?rest_route=%2Fwp%2Fv2%2Fmedia&parent=251"}],"curies":[{"name":"wp","href":"https:\/\/api.w.org\/{rel}","templated":true}]}}