{"id":1985,"date":"2026-02-02T13:48:04","date_gmt":"2026-02-02T12:48:04","guid":{"rendered":"http:\/\/hallaryd.se\/?page_id=1985"},"modified":"2026-02-06T16:09:53","modified_gmt":"2026-02-06T15:09:53","slug":"hem","status":"publish","type":"page","link":"https:\/\/hallaryd.se\/","title":{"rendered":"Hem"},"content":{"rendered":"<div class=\"wp-block-image\">\n<figure class=\"aligncenter size-full\"><img loading=\"lazy\" decoding=\"async\" width=\"1600\" height=\"859\" src=\"https:\/\/hallaryd.se\/wp-content\/uploads\/2026\/02\/signal-2026-02-02-134940-2.jpg\" alt=\"\" class=\"wp-image-1997\" srcset=\"https:\/\/hallaryd.se\/wp-content\/uploads\/2026\/02\/signal-2026-02-02-134940-2.jpg 1600w, https:\/\/hallaryd.se\/wp-content\/uploads\/2026\/02\/signal-2026-02-02-134940-2-300x161.jpg 300w, https:\/\/hallaryd.se\/wp-content\/uploads\/2026\/02\/signal-2026-02-02-134940-2-1024x550.jpg 1024w, https:\/\/hallaryd.se\/wp-content\/uploads\/2026\/02\/signal-2026-02-02-134940-2-768x412.jpg 768w, https:\/\/hallaryd.se\/wp-content\/uploads\/2026\/02\/signal-2026-02-02-134940-2-1536x825.jpg 1536w, https:\/\/hallaryd.se\/wp-content\/uploads\/2026\/02\/signal-2026-02-02-134940-2-500x268.jpg 500w\" sizes=\"auto, (max-width: 1600px) 100vw, 1600px\" \/><\/figure>\n<\/div>\n\n\n<h2 class=\"wp-block-heading\"><strong>V\u00e4lkommen till Hallaryd \u2013 en liten by med stora upplevelser&nbsp;<\/strong><\/h2>\n\n\n\n<p>Uppt\u00e4ck charmiga&nbsp;Hallaryd, en plats d\u00e4r historia, natur och levande traditioner m\u00f6ts. H\u00e4r, i det vackra landskapet vid&nbsp;Helge \u00e5, har m\u00e4nniskor bott i m\u00e5nga hundra \u00e5r. N\u00e4rheten till vattnet har gjort Hallaryd till en naturlig m\u00f6tesplats och \u00e4r \u00e4n i dag ett uppskattat omr\u00e5de f\u00f6r fiske, friluftsliv, naturstigar och motionsslingor.<\/p>\n\n\n\n<p><strong>En levande by \u00e5ret runt<\/strong><br>I Hallaryd bor cirka 150 personer \u00e5ret runt, med lika m\u00e5nga i den omgivande landsbygden. Under sommaren fylls byn av sommarg\u00e4ster och turister som lockas av lugnet, naturen och den genuina sm\u00e5l\u00e4ndska atmosf\u00e4ren. Hallaryd tillh\u00f6r \u00c4lmhults kommun.<\/p>\n\n\n\n<p><strong>Aktiviteter f\u00f6r alla<\/strong><br>Mitt i byn hittar du aktivitetsparken. H\u00e4r finns lekplats, utegym boulebana och grillplats. En naturlig samlingsplats f\u00f6r b\u00e5de barn och vuxna.<\/p>\n\n\n\n<p>Forts\u00e4tter du \u00f6sterut \u00f6ver bron kommer du till hembygdsparken. H\u00e4r firas midsommar med dans runt midsommarst\u00e5ngen och levande musik. I juni varje \u00e5r arrangeras den popul\u00e4ra&nbsp;Hallarydsdagen. Annandag p\u00e5sk arrangeras, Hallarydsloppet. H\u00e4r finns tv\u00e5 kyrkor, Hallaryds kyrka och Betelkyrkan i Hallaryd. &nbsp;<\/p>\n\n\n\n<p><strong>Utflykter, musik och sommarst\u00e4mning<\/strong><br>Hembygdsparken \u00e4r ocks\u00e5 ett perfekt utflyktsm\u00e5l. Sl\u00e5 dig ner med en picknick och njut av den rofyllda milj\u00f6n vid Helge \u00e5. Under sommarm\u00e5naderna anordnas olika evenemang s\u00e5som alls\u00e5ng, spelmansst\u00e4mmor och andra musikarrangemang som skapar en h\u00e4rlig sommarst\u00e4mning. \u00c5vallen, \u00e4r v\u00e5r legendariska idrottsf\u00f6renings hemmaplan centralt i byn.\u00a0<\/p>\n\n\n\n<p><strong>Lokaler och dans till levande musik<\/strong><br>F\u00f6r st\u00f6rre och mindre sammankomster finns flera lokaler att hyra, bland annat&nbsp;Sockenstugan,&nbsp;Hallarydsg\u00e5rden&nbsp;och&nbsp;Hallaborg. I Hallaborg arrangeras det ibland dans till levande musik.<\/p>\n\n\n\n<p><strong>Ett steg tillbaka i tiden<\/strong><br>Kliv rakt in i 1800talet p\u00e5 v\u00e5rt museum. Upplev den gamla handelsboden, skolsalen och tr\u00e4skomakarens verkstad.<\/p>\n\n\n\n<div class=\"wp-block-group is-vertical is-content-justification-stretch is-layout-flex wp-container-core-group-is-layout-b16ad781 wp-block-group-is-layout-flex\">\n<iframe src=\"https:\/\/www.google.com\/maps\/embed?pb=!1m18!1m12!1m3!1d4406.0694835232625!2d13.875485359782065!3d56.48438852024544!2m3!1f0!2f0!3f0!3m2!1i1024!2i768!4f13.1!3m3!1m2!1s0x4651358a93e50f9d%3A0xf9cadad357a90d79!2s343%2096%20Hallaryd!5e0!3m2!1ssv!2sse!4v1770037704112!5m2!1ssv!2sse\" width=\"1500\" height=\"450\" style=\"border:0;\" allowfullscreen=\"\" loading=\"lazy\" referrerpolicy=\"no-referrer-when-downgrade\"><\/iframe>\n<\/div>\n","protected":false},"excerpt":{"rendered":"<p>V\u00e4lkommen till Hallaryd \u2013 en liten by med stora upplevelser&nbsp; Uppt\u00e4ck charmiga&nbsp;Hallaryd, en plats d\u00e4r historia, natur och levande traditioner m\u00f6ts. H\u00e4r, i det vackra landskapet vid&nbsp;Helge \u00e5, har m\u00e4nniskor bott i m\u00e5nga hundra \u00e5r. N\u00e4rheten till vattnet har gjort &hellip; <a href=\"https:\/\/hallaryd.se\/\">Continue reading <span class=\"meta-nav\">&rarr;<\/span><\/a><\/p>\n","protected":false},"author":12,"featured_media":0,"parent":0,"menu_order":0,"comment_status":"closed","ping_status":"closed","template":"","meta":{"footnotes":""},"class_list":["post-1985","page","type-page","status-publish","hentry"],"_links":{"self":[{"href":"https:\/\/hallaryd.se\/index.php?rest_route=\/wp\/v2\/pages\/1985","targetHints":{"allow":["GET"]}}],"collection":[{"href":"https:\/\/hallaryd.se\/index.php?rest_route=\/wp\/v2\/pages"}],"about":[{"href":"https:\/\/hallaryd.se\/index.php?rest_route=\/wp\/v2\/types\/page"}],"author":[{"embeddable":true,"href":"https:\/\/hallaryd.se\/index.php?rest_route=\/wp\/v2\/users\/12"}],"replies":[{"embeddable":true,"href":"https:\/\/hallaryd.se\/index.php?rest_route=%2Fwp%2Fv2%2Fcomments&post=1985"}],"version-history":[{"count":34,"href":"https:\/\/hallaryd.se\/index.php?rest_route=\/wp\/v2\/pages\/1985\/revisions"}],"predecessor-version":[{"id":2064,"href":"https:\/\/hallaryd.se\/index.php?rest_route=\/wp\/v2\/pages\/1985\/revisions\/2064"}],"wp:attachment":[{"href":"https:\/\/hallaryd.se\/index.php?rest_route=%2Fwp%2Fv2%2Fmedia&parent=1985"}],"curies":[{"name":"wp","href":"https:\/\/api.w.org\/{rel}","templated":true}]}}