{"id":1912,"date":"2022-03-16T09:33:06","date_gmt":"2022-03-16T08:33:06","guid":{"rendered":"http:\/\/hallaryd.se\/?page_id=1912"},"modified":"2022-03-16T09:33:08","modified_gmt":"2022-03-16T08:33:08","slug":"sjobacken-arbohult","status":"publish","type":"page","link":"https:\/\/hallaryd.se\/?page_id=1912","title":{"rendered":"Sj\u00f6backen, \u00c5rbohult"},"content":{"rendered":"\n<p>Under \u00c5rbohult (2020, \u00c5rbohult 1:6)<\/p>\n\n\n\n<p>Bebott: 1816-1844<\/p>\n\n\n\n<p>1806-1815: \u00c5rbohults backstugor <\/p>\n\n\n\n<p>Lars M\u00e5nsson f. 17\/11\n1770, d\u00f6d 29\/10 1813 (se nederst)&nbsp;&nbsp;&nbsp;&nbsp;&nbsp;&nbsp; <\/p>\n\n\n\n<p>h. Malena Larsdotter f. 18\/11 1769 i Osby\ntorp<\/p>\n\n\n\n<p>Barn: J\u00e4ppe f. 20\/12 1795, Sven f. 11\/6\n1802, Bengt f. 8\/6 1805<\/p>\n\n\n\n<p>1816-1824: Sj\u00f6backen<\/p>\n\n\n\n<p>Undantag, Enka Malena Larsdotter f. 18\/11\n1769<\/p>\n\n\n\n<p>Son Sven f. 11\/6 1802, flyttar till\nKroksbygd 1817 som dr\u00e4ng<\/p>\n\n\n\n<p>Son Bengt Larsson f. 8\/6 1805, flyttar\ntill Broby 1821?<\/p>\n\n\n\n<p>1825-1838:<\/p>\n\n\n\n<p>Undantag, Malena Larsdotter f. 1769<\/p>\n\n\n\n<p>Sonen Sven f. 11\/6 1802 , kommer tillbaka\n1826, flyttar 1830 till Werratorpet. <\/p>\n\n\n\n<p>1839-1844:<\/p>\n\n\n\n<p>Malena Larsdotter f. 1769, d\u00f6d 30\/5 1844\n(utfattig)<\/p>\n\n\n\n<p>Ur d\u00f6dboken: <em>F\u00f6dd 18\/11 i Osby socken Fader Lars Osberg, Mod Ingjerd Svensdotter.\nVarit gift med dr. Lars M\u00e5nsson, haft med honom 4 barn 2 lefvande, Enka f\u00f6r 30\n\u00e5r sedan, varit sjuk en l\u00e4ngre tid. D\u00f6r den 30 Maj i en \u00e5lder av 74 \u00e5r 5 m\u00e5n 10\ndagar.<\/em><\/p>\n\n\n\n<p>F\u00f6delseboken. Osby CI\/3, s 190: fad. Lars\nM\u00e5nsson o mod. Elin Bengtsdotter.<\/p>\n\n\n\n<p>GPS: ca.\nN56.4738&nbsp; E13.9361<\/p>\n\n\n\n<p>K\u00e4lla: AI\/6,\ns 226; AI\/7, s 114; AI\/8, s 113; AI\/9, s 135; AI\/10, s 184; AI\/11, s 212; AI\/12,\ns 185; AI\/13, s 253; F\/1, s 59; <\/p>\n","protected":false},"excerpt":{"rendered":"<p>Under \u00c5rbohult (2020, \u00c5rbohult 1:6) Bebott: 1816-1844 1806-1815: \u00c5rbohults backstugor Lars M\u00e5nsson f. 17\/11 1770, d\u00f6d 29\/10 1813 (se nederst)&nbsp;&nbsp;&nbsp;&nbsp;&nbsp;&nbsp; h. Malena Larsdotter f. 18\/11 1769 i Osby torp Barn: J\u00e4ppe f. 20\/12 1795, Sven f. 11\/6 1802, Bengt f. &hellip; <a href=\"https:\/\/hallaryd.se\/?page_id=1912\">Continue reading <span class=\"meta-nav\">&rarr;<\/span><\/a><\/p>\n","protected":false},"author":12,"featured_media":0,"parent":0,"menu_order":0,"comment_status":"closed","ping_status":"closed","template":"","meta":{"footnotes":""},"class_list":["post-1912","page","type-page","status-publish","hentry"],"_links":{"self":[{"href":"https:\/\/hallaryd.se\/index.php?rest_route=\/wp\/v2\/pages\/1912","targetHints":{"allow":["GET"]}}],"collection":[{"href":"https:\/\/hallaryd.se\/index.php?rest_route=\/wp\/v2\/pages"}],"about":[{"href":"https:\/\/hallaryd.se\/index.php?rest_route=\/wp\/v2\/types\/page"}],"author":[{"embeddable":true,"href":"https:\/\/hallaryd.se\/index.php?rest_route=\/wp\/v2\/users\/12"}],"replies":[{"embeddable":true,"href":"https:\/\/hallaryd.se\/index.php?rest_route=%2Fwp%2Fv2%2Fcomments&post=1912"}],"version-history":[{"count":1,"href":"https:\/\/hallaryd.se\/index.php?rest_route=\/wp\/v2\/pages\/1912\/revisions"}],"predecessor-version":[{"id":1913,"href":"https:\/\/hallaryd.se\/index.php?rest_route=\/wp\/v2\/pages\/1912\/revisions\/1913"}],"wp:attachment":[{"href":"https:\/\/hallaryd.se\/index.php?rest_route=%2Fwp%2Fv2%2Fmedia&parent=1912"}],"curies":[{"name":"wp","href":"https:\/\/api.w.org\/{rel}","templated":true}]}}