{"id":1908,"date":"2022-03-16T09:24:47","date_gmt":"2022-03-16T08:24:47","guid":{"rendered":"http:\/\/hallaryd.se\/?page_id=1908"},"modified":"2022-03-16T09:24:49","modified_gmt":"2022-03-16T08:24:49","slug":"brunnshult","status":"publish","type":"page","link":"https:\/\/hallaryd.se\/?page_id=1908","title":{"rendered":"Brunnshult"},"content":{"rendered":"\n<p>Under \u00c5rbohult (2020, \u00c5rbohult 1:3)<\/p>\n\n\n\n<p>Bebott: 1764-1855<\/p>\n\n\n\n<p>1764-1769:<\/p>\n\n\n\n<p>Botil f. 1700, Sven Persson f. 19\/2 1738<\/p>\n\n\n\n<p>Anders \u00d6rnberg, h. Karin Nilsdotter.&nbsp; Elin<\/p>\n\n\n\n<p>1770-1774:<\/p>\n\n\n\n<p>Botil f. 1700, Sven Persson f. 1738, h.\nIngjer M\u00e5nsdotter, s. Per<\/p>\n\n\n\n<p>1780-1802: Torpet Brunshult<\/p>\n\n\n\n<p>Sven Persson f. 19\/2 1738, h. Ingjer\nM\u00e5nsdotter f. 1739<\/p>\n\n\n\n<p>Barn: Per f. 12\/3 1772, Elin, f. 7\/11 1774<\/p>\n\n\n\n<p>1795-1800:<\/p>\n\n\n\n<p>Lars Persson f. 1768, h. Sara Andersdotter\nf. 1761<\/p>\n\n\n\n<p>1802-1810: (fr\u00e5n 1806 i backstugan)<\/p>\n\n\n\n<p>Lars M\u00e5nsson f. 17\/11 1770, h. Malena\nLarsdotter f. 18\/11 1769 i Osby<\/p>\n\n\n\n<p>Barn: J\u00e4ppe Larsson f. 20\/12 1795, Sven\nLarsson f. 11\/6 1802, Bengt Larsson f. 8\/6 1805, (verkar som J\u00e4ppe o Sven\nflyttar 1810)<\/p>\n\n\n\n<p>1811-1819:<\/p>\n\n\n\n<p>J\u00f6ns Jonsson, f 1776 i Stenbrohult<\/p>\n\n\n\n<p>h. Tora Persdotter f. 21\/8 1776, d\u00f6d 27\/1 1819<\/p>\n\n\n\n<p>Barn: Jonas J\u00f6nsson f. 4\/11 1802, Pernilla\nJ\u00f6nsdotter f. 13\/3 1807,<\/p>\n\n\n\n<p>Bengt J\u00f6nsson f. 13\/11 1811, Anders\nf.23\/11 1818<\/p>\n\n\n\n<p>Lars M\u00e5nsson f. 1770 med familj st\u00e5r under\nbackstugor. Lars d\u00f6d 1813<\/p>\n\n\n\n<p>Malena Larsdotter med Sven och Bengt \u00e4r\nkvar.<\/p>\n\n\n\n<p>1819-1838:<\/p>\n\n\n\n<p>J\u00f6ns Jonsson, f 1776, 2:a hustru Kjerstin\nJonsdotter f. 31\/7 1779<\/p>\n\n\n\n<p>Barn: Bengt J\u00f6nsson f. 1811, flyttar 1828\ntill Carlstad, Anna f. 1825<\/p>\n\n\n\n<p>1834-: Bengt kommer tillbaka och \u00e4r\nsockenskr\u00e4ddare<\/p>\n\n\n\n<p>+ L\u00e4rodr\u00e4ng: Johannes Jonasson f. 9\/1 1816\noch Sven Jonsson f. 28\/7 1818, de kommer fr\u00e5n Carlstad 1834.<\/p>\n\n\n\n<p>1839-1844:<\/p>\n\n\n\n<p>J\u00f6ns Jonsson, f 1776, h. Kjerstin\nJonsdotter f. 1779<\/p>\n\n\n\n<p>Barn: Anna f. 1825. Dr. Sven Svensson som\nvarit dr\u00e4ng i Hallaryds Pr\u00e4stg\u00e5rd, gifter sig 1848 med dottern Anna.\nF\u00f6r\u00e4ldrarna flyttar till undantaget.<\/p>\n\n\n\n<p>Sockenskr\u00e4ddaren Bengt med l\u00e4rodr\u00e4ng Nils\nflyttar 1840 till M\u00e5lab\u00f6ke<\/p>\n\n\n\n<p>och Sven Jonsson f. 1818, flyttar till\nKringelholma 1839.<\/p>\n\n\n\n<p>1849-1851:<\/p>\n\n\n\n<p>Ingen boende p\u00e5 Brunshult, Sven Svensson o\nAnna Jonsdotter bor p\u00e5 den g\u00e5rd som ligger ca 200m nordv\u00e4st om Brunshult.<\/p>\n\n\n\n<p>Barn: Sven f. 15\/8 1850<\/p>\n\n\n\n<p>Vid laga skifte 1855 ombildades torpet\ntill hemmanet 1\/16 genom tillk\u00f6p av omkringliggande mark d\u00e4r \u00e4ven torpet\nSj\u00f6hult (Isakstorp) kom att ing\u00e5.<\/p>\n\n\n\n<p>Fr\u00e5n 1849 bor J\u00f6ns och Kjerstin p\u00e5\nundantag som \u00e4gs av Sven Svensson<\/p>\n\n\n\n<p>N\u00e5gon g\u00e5ng efter 1855 uppf\u00f6rde Anna och\nSven ny mang\u00e5rdsbyggnad150 m NV om de gamla husen. Dessa hus st\u00e5r kvar och \u00e4gs\nidag av Ingmar Jonsson i \u00c5rbohult<\/p>\n\n\n\n<p>J\u00f6ns d\u00f6d 1852 och Kjerstin d\u00f6d 1855.<\/p>\n\n\n\n<p>Se \u00e4ven under torpet Sj\u00f6hult, \u00c5rbohult<\/p>\n\n\n\n<p>GPS: N56.473048 E13.924614<\/p>\n\n\n\n<p>K\u00e4lla: AI\/3, s\n238, s 365, s 570; AI\/4, s 108, s 264, s 440; AI\/5, s 168; AI\/6, s 226; AI\/7, s\n113, s 187; AI\/8, s 112, s98b; AI\/9, s 134, s 93b; AI\/10, s 183; AI\/11,1828-, s\n211; AI\/12, s 185; AI\/13, s 254; AI\/14, s 246; AI\/15, s 254,s 260;<\/p>\n","protected":false},"excerpt":{"rendered":"<p>Under \u00c5rbohult (2020, \u00c5rbohult 1:3) Bebott: 1764-1855 1764-1769: Botil f. 1700, Sven Persson f. 19\/2 1738 Anders \u00d6rnberg, h. Karin Nilsdotter.&nbsp; Elin 1770-1774: Botil f. 1700, Sven Persson f. 1738, h. Ingjer M\u00e5nsdotter, s. Per 1780-1802: Torpet Brunshult Sven Persson &hellip; <a href=\"https:\/\/hallaryd.se\/?page_id=1908\">Continue reading <span class=\"meta-nav\">&rarr;<\/span><\/a><\/p>\n","protected":false},"author":12,"featured_media":0,"parent":0,"menu_order":0,"comment_status":"closed","ping_status":"closed","template":"","meta":{"footnotes":""},"class_list":["post-1908","page","type-page","status-publish","hentry"],"_links":{"self":[{"href":"https:\/\/hallaryd.se\/index.php?rest_route=\/wp\/v2\/pages\/1908","targetHints":{"allow":["GET"]}}],"collection":[{"href":"https:\/\/hallaryd.se\/index.php?rest_route=\/wp\/v2\/pages"}],"about":[{"href":"https:\/\/hallaryd.se\/index.php?rest_route=\/wp\/v2\/types\/page"}],"author":[{"embeddable":true,"href":"https:\/\/hallaryd.se\/index.php?rest_route=\/wp\/v2\/users\/12"}],"replies":[{"embeddable":true,"href":"https:\/\/hallaryd.se\/index.php?rest_route=%2Fwp%2Fv2%2Fcomments&post=1908"}],"version-history":[{"count":1,"href":"https:\/\/hallaryd.se\/index.php?rest_route=\/wp\/v2\/pages\/1908\/revisions"}],"predecessor-version":[{"id":1909,"href":"https:\/\/hallaryd.se\/index.php?rest_route=\/wp\/v2\/pages\/1908\/revisions\/1909"}],"wp:attachment":[{"href":"https:\/\/hallaryd.se\/index.php?rest_route=%2Fwp%2Fv2%2Fmedia&parent=1908"}],"curies":[{"name":"wp","href":"https:\/\/api.w.org\/{rel}","templated":true}]}}