{"id":1904,"date":"2022-03-16T09:19:05","date_gmt":"2022-03-16T08:19:05","guid":{"rendered":"http:\/\/hallaryd.se\/?page_id=1904"},"modified":"2022-03-16T09:19:07","modified_gmt":"2022-03-16T08:19:07","slug":"erikstorp-vagla-og","status":"publish","type":"page","link":"https:\/\/hallaryd.se\/?page_id=1904","title":{"rendered":"Erikstorp, V\u00e4gla \u00d6g."},"content":{"rendered":"\n<p>Under V\u00e4gla \u00d6g (V\u00e4gla 1:35)<\/p>\n\n\n\n<p>Bebott: 1739 \u2013 1862<\/p>\n\n\n\n<p>1739 \u2013 1750, kallat\ntorpet, med enkan Kirstin, d. ca 1740,<\/p>\n\n\n\n<p>sonen Lars Jonsson f. 1689, dottern\nIngjerd&nbsp; Jonsdotter f. 1692<\/p>\n\n\n\n<p>1758 \u2013 1763<\/p>\n\n\n\n<p>Lars Jonsson och Ingjerd Jonsdotter ovan<\/p>\n\n\n\n<p>1764 \u2013 1769 <\/p>\n\n\n\n<p>Bengt Jonsson f. 31\/7 1731, h. Kirsten\nPersdotter, f. 3\/11 1733<\/p>\n\n\n\n<p>1773 \u2013 1799 <\/p>\n\n\n\n<p>Erik Andersson f. 1\/8 1717&nbsp; i V\u00e4gla \u00d6sterg.<\/p>\n\n\n\n<p>F\u00f6r\u00e4ldrar: Anders Jacobsson 1668 \u2013 1744, h.\nPernilla Jonsdotter f. 30\/11 1737, <\/p>\n\n\n\n<p>Lucia Uddesdotter 1687 \u2013 17\/5 1761<\/p>\n\n\n\n<p>s. Anders\nf.1757, s. Jon f. 1761, &nbsp;s. Sune&nbsp; f. 3\/4 1764, d. Lucia f. 25\/2 1768, <\/p>\n\n\n\n<p>d. Elsa&nbsp;\nf. 18\/2 1770,&nbsp; d. Botil&nbsp; f. 28\/2 1775, d. Kerstin&nbsp; f. 13\/12 1770&nbsp;&nbsp; (enfaldig, har pr\u00e4sten noterat) &nbsp;Erik d\u00f6r 1784,&nbsp;\nEnkan Pernilla (ovan) kvar med Kerstin.<\/p>\n\n\n\n<p>1800 \u2013 1846 <\/p>\n\n\n\n<p>M\u00e5ns Jonasson f. 27\/12&nbsp; 1768, flyttar in. h. Botil Eriksdotter (ovan)\nf. 28\/2 1775,<\/p>\n\n\n\n<p>d.15\/11 1813. &nbsp;M\u00e5ns gifter om sig med Hanna Gummesdotter f.\n13\/5 1792, <\/p>\n\n\n\n<p>s. Jonas f. 21\/8 1801, s. Erik f. 14\/6\n1803, s. Anders f. 28\/10 1811,<\/p>\n\n\n\n<p>&nbsp;Enkan\nPernilla d\u00f6r 1814 och M\u00e5ns d\u00f6r 1846<\/p>\n\n\n\n<p>1859: dr. Trulls Svensson f. 18\/5 1818\nflyttar&nbsp; in 1859 fr\u00e5n torpet Torsholmen.<\/p>\n\n\n\n<p>1851 flyttar Jon Mattiasson Ferm in till\nenkan Hanna, B\u00e5da flyttar ut 1857<\/p>\n\n\n\n<p>Trulls Svensson d\u00f6r den 12\/8 1862som sista boende p\u00e5 torpet.<\/p>\n\n\n\n<p>GPS: ca N56.47397 E13.82815.Torpet l\u00e5g troligen\np\u00e5 den tomt\/garagebyggnad d\u00e4r Eva Jonsson bor idag. V\u00e4gla 1:35 <\/p>\n\n\n\n<p>K\u00e4lla: Kyrkoarkiv AI\/1 s.230, AI\/2\ns.140,238, AI\/3 s.54,176,302,418,520<\/p>\n\n\n\n<p>AI\/4 s.52,186,358,502, AI\/5 s.66, AI\/6\ns.102, AI\/7 s.50-1,152-2, AI\/8 s.51-1,47-2<\/p>\n\n\n\n<p>AI\/9 s.63-1,50-2, AI\/10 s.91, AI\/11 s.99,\nAI\/12 s.91, AI\/13 s.119, AI\/14 s.110<\/p>\n\n\n\n<p>AI\/15 s.117, AI\/16 s.126, AI\/17 s.121<\/p>\n","protected":false},"excerpt":{"rendered":"<p>Under V\u00e4gla \u00d6g (V\u00e4gla 1:35) Bebott: 1739 \u2013 1862 1739 \u2013 1750, kallat torpet, med enkan Kirstin, d. ca 1740, sonen Lars Jonsson f. 1689, dottern Ingjerd&nbsp; Jonsdotter f. 1692 1758 \u2013 1763 Lars Jonsson och Ingjerd Jonsdotter ovan 1764 &hellip; <a href=\"https:\/\/hallaryd.se\/?page_id=1904\">Continue reading <span class=\"meta-nav\">&rarr;<\/span><\/a><\/p>\n","protected":false},"author":12,"featured_media":0,"parent":0,"menu_order":0,"comment_status":"closed","ping_status":"closed","template":"","meta":{"footnotes":""},"class_list":["post-1904","page","type-page","status-publish","hentry"],"_links":{"self":[{"href":"https:\/\/hallaryd.se\/index.php?rest_route=\/wp\/v2\/pages\/1904","targetHints":{"allow":["GET"]}}],"collection":[{"href":"https:\/\/hallaryd.se\/index.php?rest_route=\/wp\/v2\/pages"}],"about":[{"href":"https:\/\/hallaryd.se\/index.php?rest_route=\/wp\/v2\/types\/page"}],"author":[{"embeddable":true,"href":"https:\/\/hallaryd.se\/index.php?rest_route=\/wp\/v2\/users\/12"}],"replies":[{"embeddable":true,"href":"https:\/\/hallaryd.se\/index.php?rest_route=%2Fwp%2Fv2%2Fcomments&post=1904"}],"version-history":[{"count":1,"href":"https:\/\/hallaryd.se\/index.php?rest_route=\/wp\/v2\/pages\/1904\/revisions"}],"predecessor-version":[{"id":1905,"href":"https:\/\/hallaryd.se\/index.php?rest_route=\/wp\/v2\/pages\/1904\/revisions\/1905"}],"wp:attachment":[{"href":"https:\/\/hallaryd.se\/index.php?rest_route=%2Fwp%2Fv2%2Fmedia&parent=1904"}],"curies":[{"name":"wp","href":"https:\/\/api.w.org\/{rel}","templated":true}]}}