{"id":1860,"date":"2022-03-16T08:15:35","date_gmt":"2022-03-16T07:15:35","guid":{"rendered":"http:\/\/hallaryd.se\/?page_id=1860"},"modified":"2022-03-16T08:15:37","modified_gmt":"2022-03-16T07:15:37","slug":"bengtstorp","status":"publish","type":"page","link":"https:\/\/hallaryd.se\/?page_id=1860","title":{"rendered":"Bengtstorp"},"content":{"rendered":"\n<p>Under Sjuhult 1:22<\/p>\n\n\n\n<p>Bebott: 1770 \u2013 1865<\/p>\n\n\n\n<p>P\u00e5 en karta fr\u00e5n Storskifte i Sjuhult 1799\nfinns ett torp markerat p\u00e5 en plats kallad \u201dBengta t\u00e4ppe\u201d (troligen efter Bengt\noch Bengta nedan). Enligt nuvarande \u00e4gare av fastigheten d\u00e4r torpet legat,\nIng-Britt och Stig Johansson, kallades torpet f\u00f6r \u201dPetters t\u00e4ppe\u201d, n\u00e4r Ing-Britt\nsom \u00e4r f\u00f6dd p\u00e5 g\u00e5rden var barn. Peter eller Petter var den siste att bo h\u00e4r.\nHan flyttade ut 1865 och torpet n\u00e4mns inte l\u00e4ngre.<\/p>\n\n\n\n<p>I husf\u00f6rh\u00f6rsl\u00e4ngderna \u00e5terfinns namnen\nBengt, Bengta och Peter, bosatta p\u00e5 torpet Bengtstorp enligt nedanst\u00e5ende. Bengta\noch Petters t\u00e4ppe skulle allts\u00e5 kunna vara synonymt med Bengtstorp. <\/p>\n\n\n\n<p>N\u00e5gon annan Peter eller Petter enligt\nnedan har ej hittats p\u00e5 n\u00e5got annat torp i Sjuhult.<\/p>\n\n\n\n<p>1770 \u2013 1812<\/p>\n\n\n\n<p>Germund Bengtsson, f. 2\/3 1702, d. 10\/7 1778\n<\/p>\n\n\n\n<p>Bengt Germundsson, f. 14\/9 1738 i\nHallab\u00f6ke Sg, d. 7\/12 1812<\/p>\n\n\n\n<p>1:a h. Elin Persdotter f. 4\/2 1721, d. 1788\n\u2013 89 <\/p>\n\n\n\n<p>2:a h. Bengta M\u00e5nsdotter f. 16\/8 1743, d.\n14\/2 1807<\/p>\n\n\n\n<p>Jon Larsson nedan inhyse fr\u00e5n 1799<\/p>\n\n\n\n<p>1799 \u2013 1826<\/p>\n\n\n\n<p>Jon Larsson f. 11\/2 1772, i Markaryd, d\u00f6d\n1826<\/p>\n\n\n\n<p>h. Kirstin Bengtsdotter f. 29\/5 1762,\n(dotter till Bengt ovan i 1:a giftet) <\/p>\n\n\n\n<p>d. Elin Jonsdotter f. 18\/9 1807 <\/p>\n\n\n\n<p>1826 \u2013 1865<\/p>\n\n\n\n<p>Peter Pehrsson, f. 19\/11 1797, flyttar ut\n1865<\/p>\n\n\n\n<p>h. Bengta Svensdotter, f. 12\/10 1808, d.\n2\/8 1861. De fick 7 barn <\/p>\n\n\n\n<p>Kirstin ovan inhyse<\/p>\n\n\n\n<p>GPS: N56.462960,&nbsp; E13.791230<\/p>\n\n\n\n<p>K\u00e4lla: AI\/4,\ns 38; AI\/10, s66; <\/p>\n","protected":false},"excerpt":{"rendered":"<p>Under Sjuhult 1:22 Bebott: 1770 \u2013 1865 P\u00e5 en karta fr\u00e5n Storskifte i Sjuhult 1799 finns ett torp markerat p\u00e5 en plats kallad \u201dBengta t\u00e4ppe\u201d (troligen efter Bengt och Bengta nedan). Enligt nuvarande \u00e4gare av fastigheten d\u00e4r torpet legat, Ing-Britt &hellip; <a href=\"https:\/\/hallaryd.se\/?page_id=1860\">Continue reading <span class=\"meta-nav\">&rarr;<\/span><\/a><\/p>\n","protected":false},"author":12,"featured_media":0,"parent":0,"menu_order":0,"comment_status":"closed","ping_status":"closed","template":"","meta":{"footnotes":""},"class_list":["post-1860","page","type-page","status-publish","hentry"],"_links":{"self":[{"href":"https:\/\/hallaryd.se\/index.php?rest_route=\/wp\/v2\/pages\/1860","targetHints":{"allow":["GET"]}}],"collection":[{"href":"https:\/\/hallaryd.se\/index.php?rest_route=\/wp\/v2\/pages"}],"about":[{"href":"https:\/\/hallaryd.se\/index.php?rest_route=\/wp\/v2\/types\/page"}],"author":[{"embeddable":true,"href":"https:\/\/hallaryd.se\/index.php?rest_route=\/wp\/v2\/users\/12"}],"replies":[{"embeddable":true,"href":"https:\/\/hallaryd.se\/index.php?rest_route=%2Fwp%2Fv2%2Fcomments&post=1860"}],"version-history":[{"count":1,"href":"https:\/\/hallaryd.se\/index.php?rest_route=\/wp\/v2\/pages\/1860\/revisions"}],"predecessor-version":[{"id":1861,"href":"https:\/\/hallaryd.se\/index.php?rest_route=\/wp\/v2\/pages\/1860\/revisions\/1861"}],"wp:attachment":[{"href":"https:\/\/hallaryd.se\/index.php?rest_route=%2Fwp%2Fv2%2Fmedia&parent=1860"}],"curies":[{"name":"wp","href":"https:\/\/api.w.org\/{rel}","templated":true}]}}