{"id":1844,"date":"2022-02-26T12:36:30","date_gmt":"2022-02-26T11:36:30","guid":{"rendered":"http:\/\/hallaryd.se\/?page_id=1844"},"modified":"2022-02-26T12:36:32","modified_gmt":"2022-02-26T11:36:32","slug":"golastrom-linnefors","status":"publish","type":"page","link":"https:\/\/hallaryd.se\/?page_id=1844","title":{"rendered":"G\u00f6lastr\u00f6m\/Linnefors"},"content":{"rendered":"\n<p>Lind\u00e5s 1:18, G\u00f6lab\u00e4ck o G\u00f6lastr\u00f6m blir\nLinnefors<\/p>\n\n\n\n<p>Torp mellan 1856-1907, sedan avstyckad\nl\u00e4genhet<\/p>\n\n\n\n<p>1856-1905: T. G\u00f6lastr\u00f6m<\/p>\n\n\n\n<p>Bengt Rundqvist, f 13\/2 1829 i G\u00f6teryd<\/p>\n\n\n\n<p>h. Hanna M\u00e5rtensdotter, f. 24\/1 1830 i\nOsby<\/p>\n\n\n\n<p>Barn: Ingrid f. 1856, gift i Loshult 1886,\nThilda f. 1857, Olof f. 6\/3 1861, blir smedm\u00e4stare i Svenstorp, Johan f. 10\/7\n1863, smed, Elsa f. 1865, d\u00f6d 1869, Elsa f. 10\/7 1869, Elsa och hennas flicka\nHilma f. 1891 flyttar till St. Ibbs, Ven 1901, Alfred f. 1872, d\u00f6d 1873<\/p>\n\n\n\n<p>Alfred Rundqvist f. 7\/5 1875 i Hallaryd,\nartillerist i Kristianstad, senare postf\u00f6rare och flyttar till torpet\nJ\u00e4gersberg, Kruseb\u00f6ke.<\/p>\n\n\n\n<p>K\u00f6pekontrakt 5\/4 1907. \u201dTill Karolina\nOlsdotter f\u00f6rs\u00e5lt ett egoomr\u00e5de best\u00e5ende av tv\u00e5 torpl\u00e4genheter, Gylastr\u00f6m\noch Gylab\u00e4ck. Egendomen som skall afs\u00f6ndras under namn af Linnefors.<\/p>\n\n\n\n<p>1906-1916: G\u00f6lastr\u00f6m \u00f6verstruket ersatt\navs\u00f6nd. l\u00e4genh. Linnefors<\/p>\n\n\n\n<p>Bengt Rundqvist, f 13\/2 1829 i G\u00f6teryd,\nd\u00f6d 1906<\/p>\n\n\n\n<p>h. Hanna M\u00e5rtensdotter, f. 24\/1 1830 i\nOsby, d\u00f6d 1907<\/p>\n\n\n\n<p>1907: Eg. Karolina Petersson, f.\nOlofsdotter 11\/12 1841 i G\u00f6teryd<\/p>\n\n\n\n<p>Barn: Kristina Olofsdotter f. 1871, Alfred\nOlofsson f. 1879,<\/p>\n\n\n\n<p>Fosterdotter Ruth Margareta (o.\u00e4. Olsson)\nf. 18\/10 1900 i Lund stad<\/p>\n\n\n\n<p>1930-1948. L\u00e4genhet Linnefors 1:18<\/p>\n\n\n\n<p>\u00c4gare: Vilhelm Rundquist, f. 26\/5 1889 i\nHallaryd, smed, gift 1920<\/p>\n\n\n\n<p>h. Selma Elisa, f. Augustsson 19\/11 1896 i\nLoshult<\/p>\n\n\n\n<p>Barn: Margit Linnea, f 1920, Carl Agne f.\n1922, Lilly Alfhilda f. 1925, Else Elvira f. 1927, Vivi Alt\u00e9a, f. 1930, Anna\nLisa f. 1933, Olof Ingvar f. 1936, Britt Gunborg, f. 1939, Sven Wilhelm\nf. 31\/5 1941,<\/p>\n\n\n\n<p>Linnefors\nG\u00f6lastr\u00f6m forts<\/p>\n\n\n\n<p>GPS: N56.509427\nE14.050385<\/p>\n\n\n\n<p>K\u00e4lla: AI\/17,\ns 243; AI\/18, s 188; AI\/19, s 193; AI\/20, s 192; AI\/21, s 189; AII\/1, s 245; AII\/2,\ns 242; AII\/3, s 255; AII\/4, s 256; <\/p>\n","protected":false},"excerpt":{"rendered":"<p>Lind\u00e5s 1:18, G\u00f6lab\u00e4ck o G\u00f6lastr\u00f6m blir Linnefors Torp mellan 1856-1907, sedan avstyckad l\u00e4genhet 1856-1905: T. G\u00f6lastr\u00f6m Bengt Rundqvist, f 13\/2 1829 i G\u00f6teryd h. Hanna M\u00e5rtensdotter, f. 24\/1 1830 i Osby Barn: Ingrid f. 1856, gift i Loshult 1886, Thilda &hellip; <a href=\"https:\/\/hallaryd.se\/?page_id=1844\">Continue reading <span class=\"meta-nav\">&rarr;<\/span><\/a><\/p>\n","protected":false},"author":12,"featured_media":0,"parent":0,"menu_order":0,"comment_status":"closed","ping_status":"closed","template":"","meta":{"footnotes":""},"class_list":["post-1844","page","type-page","status-publish","hentry"],"_links":{"self":[{"href":"https:\/\/hallaryd.se\/index.php?rest_route=\/wp\/v2\/pages\/1844","targetHints":{"allow":["GET"]}}],"collection":[{"href":"https:\/\/hallaryd.se\/index.php?rest_route=\/wp\/v2\/pages"}],"about":[{"href":"https:\/\/hallaryd.se\/index.php?rest_route=\/wp\/v2\/types\/page"}],"author":[{"embeddable":true,"href":"https:\/\/hallaryd.se\/index.php?rest_route=\/wp\/v2\/users\/12"}],"replies":[{"embeddable":true,"href":"https:\/\/hallaryd.se\/index.php?rest_route=%2Fwp%2Fv2%2Fcomments&post=1844"}],"version-history":[{"count":1,"href":"https:\/\/hallaryd.se\/index.php?rest_route=\/wp\/v2\/pages\/1844\/revisions"}],"predecessor-version":[{"id":1845,"href":"https:\/\/hallaryd.se\/index.php?rest_route=\/wp\/v2\/pages\/1844\/revisions\/1845"}],"wp:attachment":[{"href":"https:\/\/hallaryd.se\/index.php?rest_route=%2Fwp%2Fv2%2Fmedia&parent=1844"}],"curies":[{"name":"wp","href":"https:\/\/api.w.org\/{rel}","templated":true}]}}