{"id":1753,"date":"2022-02-26T11:42:57","date_gmt":"2022-02-26T10:42:57","guid":{"rendered":"http:\/\/hallaryd.se\/?page_id=1753"},"modified":"2022-02-26T11:42:58","modified_gmt":"2022-02-26T10:42:58","slug":"sjogrand","status":"publish","type":"page","link":"https:\/\/hallaryd.se\/?page_id=1753","title":{"rendered":"Sj\u00f6gr\u00e4nd"},"content":{"rendered":"\n<p>Under H\u00e5rhult 1:11<\/p>\n\n\n\n<p>Bebott: 1825-1836<\/p>\n\n\n\n<p>1825-1832:<\/p>\n\n\n\n<p>Johannes Bengtsson f.\n1795 i G\u00f6theryd, flyttar under 1825<\/p>\n\n\n\n<p>Inhyse Peter Svensson f.\n1794-09-06 Moheda, fam. kom fr\u00e5n Bosj\u00f6holm 1825<\/p>\n\n\n\n<p>h. Kjerstin Nilsdotter f.\n1786 i Aneboda<\/p>\n\n\n\n<p>s. Johan Petersson f.\n1825, d\u00f6d 1826<\/p>\n\n\n\n<p>d. Karna f 1827-05-19<\/p>\n\n\n\n<p>1832-1836:<\/p>\n\n\n\n<p>Peter Svensson f.\n1794-09-06 Moheda, <\/p>\n\n\n\n<p>h. Kjerstin Nilsdotter f.\n1786 i Aneboda<\/p>\n\n\n\n<p>d. Karna f 1827-05-19<\/p>\n\n\n\n<p>d. Christina f.1830-05-21<\/p>\n\n\n\n<p>fam. kom 1832 fr\u00e5n\nSmedboholm, Sk\u00e5paryd Ng, Anm 1828: Peter erh\u00e5llit straff f\u00f6r snatteri<\/p>\n\n\n\n<p>Familjen flyttade 1836\ntill Gylskull, Sk\u00e5paryd Sg<\/p>\n\n\n\n<p>F\u00f6rmodligen \u00f6vergavs\ntorpet 1836, och ett nytt torp byggdes (Sj\u00f6berget) h\u00f6gre upp.<\/p>\n\n\n\n<p>GPS: N56.459351\nE13.921596<\/p>\n\n\n\n<p>K\u00e4lla: AI\/10, s 186; AI\/11, 1828- , s 217; A I\/12 (1834-1838), sid 189<\/p>\n","protected":false},"excerpt":{"rendered":"<p>Under H\u00e5rhult 1:11 Bebott: 1825-1836 1825-1832: Johannes Bengtsson f. 1795 i G\u00f6theryd, flyttar under 1825 Inhyse Peter Svensson f. 1794-09-06 Moheda, fam. kom fr\u00e5n Bosj\u00f6holm 1825 h. Kjerstin Nilsdotter f. 1786 i Aneboda s. Johan Petersson f. 1825, d\u00f6d 1826 &hellip; <a href=\"https:\/\/hallaryd.se\/?page_id=1753\">Continue reading <span class=\"meta-nav\">&rarr;<\/span><\/a><\/p>\n","protected":false},"author":12,"featured_media":0,"parent":0,"menu_order":0,"comment_status":"closed","ping_status":"closed","template":"","meta":{"footnotes":""},"class_list":["post-1753","page","type-page","status-publish","hentry"],"_links":{"self":[{"href":"https:\/\/hallaryd.se\/index.php?rest_route=\/wp\/v2\/pages\/1753","targetHints":{"allow":["GET"]}}],"collection":[{"href":"https:\/\/hallaryd.se\/index.php?rest_route=\/wp\/v2\/pages"}],"about":[{"href":"https:\/\/hallaryd.se\/index.php?rest_route=\/wp\/v2\/types\/page"}],"author":[{"embeddable":true,"href":"https:\/\/hallaryd.se\/index.php?rest_route=\/wp\/v2\/users\/12"}],"replies":[{"embeddable":true,"href":"https:\/\/hallaryd.se\/index.php?rest_route=%2Fwp%2Fv2%2Fcomments&post=1753"}],"version-history":[{"count":1,"href":"https:\/\/hallaryd.se\/index.php?rest_route=\/wp\/v2\/pages\/1753\/revisions"}],"predecessor-version":[{"id":1754,"href":"https:\/\/hallaryd.se\/index.php?rest_route=\/wp\/v2\/pages\/1753\/revisions\/1754"}],"wp:attachment":[{"href":"https:\/\/hallaryd.se\/index.php?rest_route=%2Fwp%2Fv2%2Fmedia&parent=1753"}],"curies":[{"name":"wp","href":"https:\/\/api.w.org\/{rel}","templated":true}]}}