{"id":1666,"date":"2021-12-07T17:23:04","date_gmt":"2021-12-07T16:23:04","guid":{"rendered":"http:\/\/hallaryd.se\/?page_id=1666"},"modified":"2021-12-07T17:23:05","modified_gmt":"2021-12-07T16:23:05","slug":"gronadal","status":"publish","type":"page","link":"https:\/\/hallaryd.se\/?page_id=1666","title":{"rendered":"Gr\u00f6nadal"},"content":{"rendered":"\n<p>Under Thorsholma \u00d6sterg.<\/p>\n\n\n\n<p>Bebott: 1843-1930<\/p>\n\n\n\n<p>Ingeborg Gummesdotter kan\nha bott i en backstuga vid torpet sedan 1834.<\/p>\n\n\n\n<p>Ingeborg \u00e4r mor till\nJohannes Jonasson (se nedan). Johannes dr\u00e4ng 1832 p\u00e5 Carlstad \u00c5rbohult.<\/p>\n\n\n\n<p>1843-1844: Backstugan\nstruket, Torpet Gr\u00f6nadal<\/p>\n\n\n\n<p>Dr. Johannes Jonasson f.\n9\/1 1816, kommer via Osby till Gr\u00f6nadal 1843<\/p>\n\n\n\n<p>Inh. Enk. Ingeborg\nGummesdotter f. 21\/5 1777<\/p>\n\n\n\n<p>1844-1849:<\/p>\n\n\n\n<p>Dr. Johannes Jonasson f.\n9\/1 1816<\/p>\n\n\n\n<p>Inh. Enk. Ingeborg\nGummesdotter f. 21\/5 1777 i G\u00f6theryd, pig. Johanna Nilsdotter f. 25\/3 1824,\nSissa Pehrsdotter f. 1835, pig Beata Larsdotter f. 1809<\/p>\n\n\n\n<p>1849-1860: Torpet\nGr\u00f6nadahl <\/p>\n\n\n\n<p>Johannes Jonasson f. 9\/1\n1816 i Hallaryd, h. Johanna Nilsdotter f. 25\/3 1824<\/p>\n\n\n\n<p>Barn: Anders Johan f.\n1849, Ingrid, f. 1851, Elsa, f.1854, Nils 1857, d\u00f6d 1859, Bengta f. 1860,<\/p>\n\n\n\n<p>Pig. Sissa Pehrsdotter f.\n1835 (fattighjon, konfirmerad 1850)<\/p>\n\n\n\n<p>1861-1875: Thorsholma\n\u00d6st.gs torp Gr\u00f6nadal<\/p>\n\n\n\n<p>Johannes Jonasson f. 9\/1\n1816 i Hallaryd, h. Johanna Nilsdotter f. 25\/3 1824<\/p>\n\n\n\n<p>Barn: Anders Johan f.\n1849, flyttar 1872 till G\u00f6teryd, Ingrid, f. 1851, flyttar 1871 till Kruseb\u00f6ke\nsedan till Loshult, Elsa, f.1854, Bengta f. 1860, Sissa f. 1863, Carl f. 1866,\nNils f. 1870, <\/p>\n\n\n\n<p>Fattighjon, enk. Ingeborg\nGummesdotter f. 1777 i G\u00f6theryd, d\u00f6d 1866<\/p>\n\n\n\n<p>1876-1880:<\/p>\n\n\n\n<p>Johannes Jonasson f. 9\/1\n1816 i Hallaryd, h. Johanna Nilsdotter f. 25\/3 1824<\/p>\n\n\n\n<p>Barn: Elsa, f.1854,\nBengta f. 1860 flyttat 1877 till Kalvshult, Sissa f. 1863, Carl f. 1866, Nils\nf. 1870, <\/p>\n\n\n\n<p>Inhys. Jonas Nilsson f.\n1844, h. Ingrid Johannisdotter f. 1851, Barn: Emma, Ida Sophia, <\/p>\n\n\n\n<p>1881-1885:<\/p>\n\n\n\n<p>Johannes Jonasson f. 9\/1\n1816 i Hallaryd, h. Johanna Nilsdotter f. 25\/3 1824<\/p>\n\n\n\n<p>Barn: Elsa, f.1854,\nflyttat 1882 till Bj\u00f6rnlunda, Nyk\u00f6pings l\u00e4n, Sissa f. 1863, gift sig i Loshult\n1886, Carl Lindholm, skr\u00e4ddare, f. 1866, Nils f. 1870, flyttar till Loshult\n1882, Bengta* f. 17\/3 1860 flyttat till Loshult 1882<\/p>\n\n\n\n<p>Inhys. Jonas Nilsson f.\n1844, h. Ingrid Johannisdotter f. 1851, Barn: Emma, Ida Sophia, Hilma Oliva (se\nnedan)<\/p>\n\n\n\n<p>1886-1895:<\/p>\n\n\n\n<p>Jonas Nilsson f. 19\/4\n1844 i G\u00f6teryd, h. Ingrid Johannisdotter f. 25\/10 1851 i Hallaryd, Barn: Emma\nf. 23\/5 1878, Ida Sophia f.19\/3 1880, Hilma Oliva f. 11\/11 1882, Albert Sigfrid\nf. 2\/11 1886, Elsa Matilda f. 16\/3 1889, Olga Jeannette f. 4\/5 1894<\/p>\n\n\n\n<p>Inhys. Johannes Jonasson\nf. 1816 i Hallaryd, h. Johanna Nilsdotter f. 1824<\/p>\n\n\n\n<p>Barn: Sissa f. 1863, gift\nsig i Loshult 1886, Carl Lindholm, skr\u00e4ddare, f. 1866<\/p>\n\n\n\n<p>Flyttade 1892 till\nStenbrohult.<\/p>\n\n\n\n<p>1896-1905:<\/p>\n\n\n\n<p>Jonas Nilsson f. 1844,\nd\u00f6d 1905, h. Ingrid Johannisdotter f. 25\/10 1851 i Hallaryd, Barn: Emma\nf. 1878, flyttade till Danmark via Osby och Pj\u00e4tteryd, kommer tillbaka 1904,\nIda Sophia f. 1880, flyttade till Osby 1896, Hilma Oliva f. 1882,\nflyttade till Stenbrohult 1901, Albert Sigfrid f. 1886, flyttade till\nDanmark 1905, Elsa Matilda f. 16\/3 1889, Olga Jeannette f. 4\/5\n1894<\/p>\n\n\n\n<p>Inhys. Johannes Jonasson\nf. 1816, d\u00f6d 1897, h. Johanna Nilsdotter f. 1824, d\u00f6d 1900.<\/p>\n\n\n\n<p>1906-1916:<\/p>\n\n\n\n<p>Ingrid Johannisdotter f.\n1851, alla barnen utflugna till Pj\u00e4tteryd, Malm\u00f6, Landskrona o J\u00f6nk\u00f6ping<\/p>\n\n\n\n<p>1917-1930:<\/p>\n\n\n\n<p>Ingrid Johannisdotter f.\n1851, flyttar 1930 till Svenstorp, V\u00e4gla <\/p>\n\n\n\n<p>Olga f.\n1894, \u00e4r piga i Kruseb\u00f6ke 1918-19, kommer tillbaka och gifter sig 1929 med Karl\nSivar Nilsson, sadelmakare i Svenstorp, V\u00e4gla.<\/p>\n\n\n\n<p>GPS: N56.493345\nE13.996994 <\/p>\n\n\n\n<p>(vid v\u00e4gen mot L\u00f6nesl\u00e4tt,\ngr\u00e4nsen mellan Torsholma o Kalfshult).<\/p>\n\n\n\n<p>K\u00e4lla: &nbsp;AI\/11, s 162; AI\/12, s\n141; AI\/13,1839-, s194; AI\/14, s 183; AI\/15, s 198; AI\/16, s 226; AI\/17, s 220;\nAI\/18, s 171; AI\/19, s 172; AI\/20, s 171; AI\/21, 1886-, s 172; AII\/1, 1886-,\ns327; AII\/2, s326; AII\/3, s335, s 356; <\/p>\n\n\n\n<p>* Bengta f. 17\/3 1860 var\nfarmor till Allan Danielsson i \u00c4lmhult.<\/p>\n","protected":false},"excerpt":{"rendered":"<p>Under Thorsholma \u00d6sterg. Bebott: 1843-1930 Ingeborg Gummesdotter kan ha bott i en backstuga vid torpet sedan 1834. Ingeborg \u00e4r mor till Johannes Jonasson (se nedan). Johannes dr\u00e4ng 1832 p\u00e5 Carlstad \u00c5rbohult. 1843-1844: Backstugan struket, Torpet Gr\u00f6nadal Dr. Johannes Jonasson f. &hellip; <a href=\"https:\/\/hallaryd.se\/?page_id=1666\">Continue reading <span class=\"meta-nav\">&rarr;<\/span><\/a><\/p>\n","protected":false},"author":12,"featured_media":0,"parent":0,"menu_order":0,"comment_status":"closed","ping_status":"closed","template":"","meta":{"footnotes":""},"class_list":["post-1666","page","type-page","status-publish","hentry"],"_links":{"self":[{"href":"https:\/\/hallaryd.se\/index.php?rest_route=\/wp\/v2\/pages\/1666","targetHints":{"allow":["GET"]}}],"collection":[{"href":"https:\/\/hallaryd.se\/index.php?rest_route=\/wp\/v2\/pages"}],"about":[{"href":"https:\/\/hallaryd.se\/index.php?rest_route=\/wp\/v2\/types\/page"}],"author":[{"embeddable":true,"href":"https:\/\/hallaryd.se\/index.php?rest_route=\/wp\/v2\/users\/12"}],"replies":[{"embeddable":true,"href":"https:\/\/hallaryd.se\/index.php?rest_route=%2Fwp%2Fv2%2Fcomments&post=1666"}],"version-history":[{"count":1,"href":"https:\/\/hallaryd.se\/index.php?rest_route=\/wp\/v2\/pages\/1666\/revisions"}],"predecessor-version":[{"id":1667,"href":"https:\/\/hallaryd.se\/index.php?rest_route=\/wp\/v2\/pages\/1666\/revisions\/1667"}],"wp:attachment":[{"href":"https:\/\/hallaryd.se\/index.php?rest_route=%2Fwp%2Fv2%2Fmedia&parent=1666"}],"curies":[{"name":"wp","href":"https:\/\/api.w.org\/{rel}","templated":true}]}}