{"id":1626,"date":"2020-09-13T17:07:20","date_gmt":"2020-09-13T15:07:20","guid":{"rendered":"http:\/\/hallaryd.se\/?page_id=1626"},"modified":"2020-09-13T17:07:22","modified_gmt":"2020-09-13T15:07:22","slug":"lomarp-ryssens","status":"publish","type":"page","link":"https:\/\/hallaryd.se\/?page_id=1626","title":{"rendered":"Lomarp\/Ryssens"},"content":{"rendered":"<h5><strong>Lomarp\/Ryssens<\/strong><\/h5>\n<h5>Under H\u00e5rhult (2020, Hallab\u00f6ke 1:25)<\/h5>\n<h5>Bebott: 1825-1853<\/h5>\n<p>.<\/p>\n<h5>1817-1819: Lommarp<\/h5>\n<h5>M\u00e5ns Person f. 7\/1 1766 i Hallaryd, h. Pernilla Jonsdotter f. 26\/4 1764<\/h5>\n<h5>De kom fr\u00e5n M\u00e5nsatorpet 1817. Sonen Per M\u00e5nsson f. 1799 varit dr\u00e4ng i \u00d6rsn\u00e4s 1817. Kvar p\u00e5 M\u00e5nsatorpet med hustru Karna Johnsdotter<\/h5>\n<p>.<\/p>\n<h5>1820-1838: Lommarp<\/h5>\n<h5>Pehr M\u00e5nsson f 2\/8 1799 ,h. Karna Johnsdotter f. 26\/3 1796<\/h5>\n<h5>Barn: Pehr f 1821, d\u00f6d 1830, Bengt f.19\/1 1823, Ingjerd, f. 1826, Pernilla, f. 1828, Pehr f. 18\/2 1833, Elin f. 14\/8 1835<\/h5>\n<h5>Anm: har l\u00e5tit vaccinera 4 barn, \u00f6.e. f\u00e5tt afkastning utom anm vid skattskrivning 1838. (f\u00f6rmodligen inte vaccinerat alla barnen, samt ??)<\/h5>\n<p>.<\/p>\n<h5>1839-1851:Skrivs Lommarp ibland<\/h5>\n<h5>Pehr M\u00e5nsson f 2\/8 1799 ,h. Karna Johnsdotter f. 26\/3 1796<\/h5>\n<h5>Barn: Bengt f.19\/1 1823, 1849 blir han bev\u00e4ringskarl i Witseltofta, Ingjerd f. 6\/3 1826, flyttar 1842 till Ousby, Pernilla f. 10\/10 1828, flyttar till Witseltofta 1845, Pehr f. 18\/2 1833, 1845 o -47 f\u00e5tt bevis till handel i Sk\u00e5ne, Elin f. 14\/8 1835, Ingemar f. 11\/1 1841<\/h5>\n<p>.<\/p>\n<h5>Anm 1838: Anm\u00e4ld till skattskrivningen 1838 till auktions erh\u00e5llande f\u00f6r 4 \u2026.?<\/h5>\n<h5>Anm: Enligt ankommen skrivelse fr\u00e5n domstolen i Ljungby \u00e4r Per M\u00e5nsson d\u00f6md till ansvar f\u00f6r handel med misst\u00e4nkt person?<\/h5>\n<p>.<\/p>\n<h5>Pehr Persson f. 18\/2 1833 flyttar till Sk\u00e5paryd 1850, till Linnefalla Ng 1851 och sedan till skomakartorpet i \u00c5rbohult. D\u00e4r anges att han \u00e4r f\u00f6dd 20\/9?<\/h5>\n<h5>\u00c4r det samme Pehr Persson hamnar han i Visseltofta 1861. Hursom, sonen Pehr Persson f. 1833 kan ha varit den \u201dRyssapelle\u201d som kommit tillbaka senare och bott p\u00e5 Lommarp en kortare tid. De som kolade, fraktade kolet i en kolryss eller kolvagn, allts\u00e5 ett volymm\u00e5tt p\u00e5 kol, men kolarna kallades ocks\u00e5 f\u00f6r \u201dRyssar\u201d.<\/h5>\n<p>.<\/p>\n<h5>1852-1853: Lomarp<\/h5>\n<h5>Pehr M\u00e5nsson avlider 1852, \u00e4nkan Karna flyttar till Sk\u00e5paryd.<\/h5>\n<h5>Sonen Bengt Pehrsson f. 19\/1 1823 i Hallaryd, h. Elin Pehrsdotter f 2\/8 1820<\/h5>\n<h5>Barn: Ingrid f. 25\/6 1854<\/h5>\n<h5>Fam. flyttar 1853 till en backstuga p\u00e5 Sk\u00e5paryd Sg (AI\/16, s323)<\/h5>\n<p>.<\/p>\n<h5>GPS: N56.466425 E13.93133<\/h5>\n<p>.<\/p>\n<h5>K\u00e4lla: AI\/7, 1811-, s 117; AI\/8, s 115, s 102-2; AI\/9, s 138; AI\/10, 1825- , s187; AI\/11, 1828-, s 217; AI\/12, 1834-,s 189; AI\/13, 1839-, s264; AI\/14, 1844-, s256; AI\/15, 1849-, s271; AI\/16, 1852- , s 309, s 323;<\/h5>\n","protected":false},"excerpt":{"rendered":"<p>Lomarp\/Ryssens Under H\u00e5rhult (2020, Hallab\u00f6ke 1:25) Bebott: 1825-1853 . 1817-1819: Lommarp M\u00e5ns Person f. 7\/1 1766 i Hallaryd, h. Pernilla Jonsdotter f. 26\/4 1764 De kom fr\u00e5n M\u00e5nsatorpet 1817. Sonen Per M\u00e5nsson f. 1799 varit dr\u00e4ng i \u00d6rsn\u00e4s 1817. Kvar &hellip; <a href=\"https:\/\/hallaryd.se\/?page_id=1626\">Continue reading <span class=\"meta-nav\">&rarr;<\/span><\/a><\/p>\n","protected":false},"author":12,"featured_media":0,"parent":0,"menu_order":0,"comment_status":"closed","ping_status":"closed","template":"","meta":{"footnotes":""},"class_list":["post-1626","page","type-page","status-publish","hentry"],"_links":{"self":[{"href":"https:\/\/hallaryd.se\/index.php?rest_route=\/wp\/v2\/pages\/1626","targetHints":{"allow":["GET"]}}],"collection":[{"href":"https:\/\/hallaryd.se\/index.php?rest_route=\/wp\/v2\/pages"}],"about":[{"href":"https:\/\/hallaryd.se\/index.php?rest_route=\/wp\/v2\/types\/page"}],"author":[{"embeddable":true,"href":"https:\/\/hallaryd.se\/index.php?rest_route=\/wp\/v2\/users\/12"}],"replies":[{"embeddable":true,"href":"https:\/\/hallaryd.se\/index.php?rest_route=%2Fwp%2Fv2%2Fcomments&post=1626"}],"version-history":[{"count":1,"href":"https:\/\/hallaryd.se\/index.php?rest_route=\/wp\/v2\/pages\/1626\/revisions"}],"predecessor-version":[{"id":1628,"href":"https:\/\/hallaryd.se\/index.php?rest_route=\/wp\/v2\/pages\/1626\/revisions\/1628"}],"wp:attachment":[{"href":"https:\/\/hallaryd.se\/index.php?rest_route=%2Fwp%2Fv2%2Fmedia&parent=1626"}],"curies":[{"name":"wp","href":"https:\/\/api.w.org\/{rel}","templated":true}]}}