{"id":1480,"date":"2019-12-30T14:58:31","date_gmt":"2019-12-30T13:58:31","guid":{"rendered":"http:\/\/hallaryd.se\/?page_id=1480"},"modified":"2019-12-30T14:58:31","modified_gmt":"2019-12-30T13:58:31","slug":"soldattorp-vagla-rote-35-velinatorpet","status":"publish","type":"page","link":"https:\/\/hallaryd.se\/?page_id=1480","title":{"rendered":"Soldattorp V\u00e4gla Rote 35, Velinatorpet"},"content":{"rendered":"<h5>V\u00e4gla 1:10. \u00a0\u00a0\u00a0\u00a0\u00a0\u00a0\u00a0\u00a0 f.d soldattorp<\/h5>\n<h5><\/h5>\n<h5><span style=\"text-decoration: underline;\">Tj\u00e4nste\u00e5r\u00a0 \u00a0\u00a0\u00a0\u00a0\u00a0\u00a0\u00a0\u00a0\u00a0\u00a0\u00a0\u00a0\u00a0\u00a0\u00a0\u00a0 Soldater under V\u00e4gla, Rote 35<\/span><\/h5>\n<h5>1709 \u2013 1719 \u00a0\u00a0\u00a0\u00a0\u00a0\u00a0\u00a0\u00a0\u00a0\u00a0\u00a0\u00a0\u00a0 Hans Gummesson Qvist, f. 1679<\/h5>\n<h5>1718 \u2013 1720 \u00a0\u00a0\u00a0\u00a0\u00a0\u00a0\u00a0\u00a0\u00a0\u00a0\u00a0\u00a0\u00a0 Gumme Persson, f.1694<\/h5>\n<h5>1720 \u2013 1756 \u00a0\u00a0\u00a0\u00a0\u00a0\u00a0\u00a0\u00a0\u00a0\u00a0\u00a0\u00a0\u00a0 Anders Andersson Frisk, f. 1697<\/h5>\n<h5>1756 \u2013 1757 \u00a0\u00a0\u00a0\u00a0\u00a0\u00a0\u00a0\u00a0\u00a0\u00a0\u00a0\u00a0\u00a0 S\u00f6ren Larsson Frisk<\/h5>\n<h5>1759 \u2013 1778 \u00a0\u00a0\u00a0\u00a0\u00a0\u00a0\u00a0\u00a0\u00a0\u00a0\u00a0\u00a0\u00a0 Johan Bengtsson Weglander, f. 1743<\/h5>\n<h5>1778 \u2013 1788 \u00a0\u00a0\u00a0\u00a0\u00a0\u00a0\u00a0\u00a0\u00a0\u00a0\u00a0\u00a0\u00a0 Erik Nathan M\u00f6ller, bodde aldrig p\u00e5 torpet<\/h5>\n<h5>1788 \u2013 1790 \u00a0\u00a0\u00a0\u00a0\u00a0\u00a0\u00a0\u00a0\u00a0\u00a0\u00a0\u00a0\u00a0 Olof Svensson Lejon, f.1763<\/h5>\n<h5>1790 \u2013 1794 \u00a0\u00a0\u00a0\u00a0\u00a0\u00a0\u00a0\u00a0\u00a0\u00a0\u00a0\u00a0\u00a0 Torsten Sluger, f. 1768,bodde aldrig p\u00e5 torpet<\/h5>\n<h5>1794 \u2013 1801 \u00a0\u00a0\u00a0\u00a0\u00a0\u00a0\u00a0\u00a0\u00a0\u00a0\u00a0\u00a0\u00a0 Uppgifter saknas<\/h5>\n<h5>1801 \u2013 1818\u00a0 \u00a0\u00a0\u00a0\u00a0\u00a0\u00a0\u00a0\u00a0\u00a0\u00a0\u00a0\u00a0 Sven Bengtsson Lund, f.1778<\/h5>\n<h5>1818 \u2013 1830 \u00a0\u00a0\u00a0\u00a0\u00a0\u00a0\u00a0\u00a0\u00a0\u00a0\u00a0\u00a0\u00a0 Jon Nilsson Vik, f. 1791<\/h5>\n<h5>1830 \u2013 1865 \u00a0\u00a0\u00a0\u00a0\u00a0\u00a0\u00a0\u00a0\u00a0\u00a0\u00a0\u00a0\u00a0 Jonas Adolfsson Welin, f. 1806<\/h5>\n<h5>1865 \u2013 1892 \u00a0\u00a0\u00a0\u00a0\u00a0\u00a0\u00a0\u00a0\u00a0\u00a0\u00a0\u00a0\u00a0 Carl Jonasson Welin, f. 1844<\/h5>\n<h5><\/h5>\n<h5>Soldattorpen kom till i slutet av 1600 \u2013 talet, b\u00f6rjan p\u00e5 1700 \u2013 talet<\/h5>\n<h5>Detta soldattorp n\u00e4mns f\u00f6rsta g\u00e5ngen i husf\u00f6rh\u00f6rsl\u00e4ngden f\u00f6r 1724<\/h5>\n<h5>\u00d6vriga uppgifter \u00e4r h\u00e4mtade fr\u00e5n Centrala Soldatregistret. Dessa skiljer sig ibland<\/h5>\n<h5>fr\u00e5n husf\u00f6rh\u00f6rsl\u00e4ngden. Soldaten kan ha varit boende p\u00e5 torpet kortare tid \u00e4n vad<\/h5>\n<h5>som st\u00e5r i husf\u00f6rh\u00f6rsl\u00e4ngden eller inte bott d\u00e4r alls. Han kunde vara skriven f\u00f6r<\/h5>\n<h5>roten men bosatt i en annan by. Andra personer bodde d\u00e5 p\u00e5 torpet.<\/h5>\n<h5>M\u00e5nga soldatfamiljer har under \u00e5rens lopp bott i detta torp, ofta tillsammans<\/h5>\n<h5>med flera inhyse-personer.<\/h5>\n<h5>Det \u00e4r inte heller s\u00e4kert att detta torp fanns redan 1709, det har troligen<\/h5>\n<h5>tillkommit senare.<\/h5>\n<h5><\/h5>\n<h5>GPS: N56.47322 E13.83917<\/h5>\n<h5>K\u00e4lla: AI\/3, s 54; AI\/10, 1825-, s 90; AI\/16, s 125; AI\/17, 1861-, s125;<\/h5>\n","protected":false},"excerpt":{"rendered":"<p>V\u00e4gla 1:10. \u00a0\u00a0\u00a0\u00a0\u00a0\u00a0\u00a0\u00a0 f.d soldattorp Tj\u00e4nste\u00e5r\u00a0 \u00a0\u00a0\u00a0\u00a0\u00a0\u00a0\u00a0\u00a0\u00a0\u00a0\u00a0\u00a0\u00a0\u00a0\u00a0\u00a0 Soldater under V\u00e4gla, Rote 35 1709 \u2013 1719 \u00a0\u00a0\u00a0\u00a0\u00a0\u00a0\u00a0\u00a0\u00a0\u00a0\u00a0\u00a0\u00a0 Hans Gummesson Qvist, f. 1679 1718 \u2013 1720 \u00a0\u00a0\u00a0\u00a0\u00a0\u00a0\u00a0\u00a0\u00a0\u00a0\u00a0\u00a0\u00a0 Gumme Persson, f.1694 1720 \u2013 1756 \u00a0\u00a0\u00a0\u00a0\u00a0\u00a0\u00a0\u00a0\u00a0\u00a0\u00a0\u00a0\u00a0 Anders Andersson Frisk, f. 1697 1756 \u2013 1757 &hellip; <a href=\"https:\/\/hallaryd.se\/?page_id=1480\">Continue reading <span class=\"meta-nav\">&rarr;<\/span><\/a><\/p>\n","protected":false},"author":12,"featured_media":0,"parent":0,"menu_order":0,"comment_status":"closed","ping_status":"closed","template":"","meta":{"footnotes":""},"class_list":["post-1480","page","type-page","status-publish","hentry"],"_links":{"self":[{"href":"https:\/\/hallaryd.se\/index.php?rest_route=\/wp\/v2\/pages\/1480","targetHints":{"allow":["GET"]}}],"collection":[{"href":"https:\/\/hallaryd.se\/index.php?rest_route=\/wp\/v2\/pages"}],"about":[{"href":"https:\/\/hallaryd.se\/index.php?rest_route=\/wp\/v2\/types\/page"}],"author":[{"embeddable":true,"href":"https:\/\/hallaryd.se\/index.php?rest_route=\/wp\/v2\/users\/12"}],"replies":[{"embeddable":true,"href":"https:\/\/hallaryd.se\/index.php?rest_route=%2Fwp%2Fv2%2Fcomments&post=1480"}],"version-history":[{"count":1,"href":"https:\/\/hallaryd.se\/index.php?rest_route=\/wp\/v2\/pages\/1480\/revisions"}],"predecessor-version":[{"id":1481,"href":"https:\/\/hallaryd.se\/index.php?rest_route=\/wp\/v2\/pages\/1480\/revisions\/1481"}],"wp:attachment":[{"href":"https:\/\/hallaryd.se\/index.php?rest_route=%2Fwp%2Fv2%2Fmedia&parent=1480"}],"curies":[{"name":"wp","href":"https:\/\/api.w.org\/{rel}","templated":true}]}}