{"id":1453,"date":"2019-12-29T21:48:33","date_gmt":"2019-12-29T20:48:33","guid":{"rendered":"http:\/\/hallaryd.se\/?page_id=1453"},"modified":"2019-12-29T21:48:33","modified_gmt":"2019-12-29T20:48:33","slug":"svenstorp-sjuhult","status":"publish","type":"page","link":"https:\/\/hallaryd.se\/?page_id=1453","title":{"rendered":"Svenstorp, Sjuhult"},"content":{"rendered":"<h5>Under Sjuhult 1:22<\/h5>\n<h5>Bebott:1821-1865<\/h5>\n<h5><\/h5>\n<h5>1821 \u2013 1823<\/h5>\n<h5>Sven M\u00e5nsson, f. 22\/12 1802, h.Christina Svensdotter, f. 29\/11 1798<\/h5>\n<h5><\/h5>\n<h5>1824 \u2013 1829<\/h5>\n<h5>Pehr Tufvidsson, f. 11\/9 1798, h. Anna Svensdotter, f. 16\/12 1804<\/h5>\n<h5><\/h5>\n<h5>1829 \u2013 1842<\/h5>\n<h5>Jon Jonsson, f. 21\/9 1798, h. Anna Petersdotter, f. 1807<\/h5>\n<h5><\/h5>\n<h5>1843 \u2013 1844, Nils Gummesson, f. 20\/4 1818<\/h5>\n<h5><\/h5>\n<h5>1844 \u2013 1864<\/h5>\n<h5>Anders Jonsson, f. 8\/12 1815, d. 1\/1 1864<\/h5>\n<h5>h. Svenborg Persdotter, f. 30\/9 1821<\/h5>\n<h5>Barn: Sissa f. 22\/9 1845, John f. 24\/7 1848, Sven f. 9\/3 1851, Anders f. 20\/3 1854,<\/h5>\n<h5>Jon f. 20\/12 1857, Pehr f. 5\/1 1861, August f. 17\/2 1864, d. 30\/3 1864<\/h5>\n<h5><\/h5>\n<h5>Anders Jonsson dog 1\/1 1864, 49 \u00e5r gammal. I marginalen har pr\u00e4sten skrivit:<\/h5>\n<h5>\u201dH\u00e4ngt sig sj\u00e4lv i t\u00f6mmar p\u00e5 egen loge\u201d. D\u00e5 var hustrun Svenborg i \u00e5ttonde m\u00e5naden, v\u00e4ntande sonen August, som f\u00f6ddes m\u00e5naden efter fadern d\u00f6d.<\/h5>\n<h5>1,5 m\u00e5n efter f\u00f6dseln dog \u00e4ven August. Stackars kvinna!<\/h5>\n<h5>Familjen flyttar till Hallseryd 1865. Svenborg gifter om sig.<\/h5>\n<h5><\/h5>\n<h5>GPS: N56.467369 E13.791197<\/h5>\n<h5>K\u00e4lla: AI\/11, s 70; AI\/17, s90;<\/h5>\n","protected":false},"excerpt":{"rendered":"<p>Under Sjuhult 1:22 Bebott:1821-1865 1821 \u2013 1823 Sven M\u00e5nsson, f. 22\/12 1802, h.Christina Svensdotter, f. 29\/11 1798 1824 \u2013 1829 Pehr Tufvidsson, f. 11\/9 1798, h. Anna Svensdotter, f. 16\/12 1804 1829 \u2013 1842 Jon Jonsson, f. 21\/9 1798, h. &hellip; <a href=\"https:\/\/hallaryd.se\/?page_id=1453\">Continue reading <span class=\"meta-nav\">&rarr;<\/span><\/a><\/p>\n","protected":false},"author":12,"featured_media":0,"parent":0,"menu_order":0,"comment_status":"closed","ping_status":"closed","template":"","meta":{"footnotes":""},"class_list":["post-1453","page","type-page","status-publish","hentry"],"_links":{"self":[{"href":"https:\/\/hallaryd.se\/index.php?rest_route=\/wp\/v2\/pages\/1453","targetHints":{"allow":["GET"]}}],"collection":[{"href":"https:\/\/hallaryd.se\/index.php?rest_route=\/wp\/v2\/pages"}],"about":[{"href":"https:\/\/hallaryd.se\/index.php?rest_route=\/wp\/v2\/types\/page"}],"author":[{"embeddable":true,"href":"https:\/\/hallaryd.se\/index.php?rest_route=\/wp\/v2\/users\/12"}],"replies":[{"embeddable":true,"href":"https:\/\/hallaryd.se\/index.php?rest_route=%2Fwp%2Fv2%2Fcomments&post=1453"}],"version-history":[{"count":1,"href":"https:\/\/hallaryd.se\/index.php?rest_route=\/wp\/v2\/pages\/1453\/revisions"}],"predecessor-version":[{"id":1454,"href":"https:\/\/hallaryd.se\/index.php?rest_route=\/wp\/v2\/pages\/1453\/revisions\/1454"}],"wp:attachment":[{"href":"https:\/\/hallaryd.se\/index.php?rest_route=%2Fwp%2Fv2%2Fmedia&parent=1453"}],"curies":[{"name":"wp","href":"https:\/\/api.w.org\/{rel}","templated":true}]}}