{"id":1329,"date":"2019-09-30T15:45:44","date_gmt":"2019-09-30T13:45:44","guid":{"rendered":"http:\/\/hallaryd.se\/?page_id=1329"},"modified":"2019-09-30T15:45:44","modified_gmt":"2019-09-30T13:45:44","slug":"carlstad-halsa-palla","status":"publish","type":"page","link":"https:\/\/hallaryd.se\/?page_id=1329","title":{"rendered":"Carlstad, Halsa-Palla"},"content":{"rendered":"<h5>Under \u00c5rbohult 1:4<\/h5>\n<h5>Bebott: 1820-1909<\/h5>\n<h5><\/h5>\n<h5>1820-1844: Sockenskr\u00e4ddare Carl J\u00f6nsson f. 1795, h.h. Pernilla M\u00e5nsdotter f. 1793, 6 barn, afskedad som sockenskr\u00e4ddare 1842<\/h5>\n<h5><\/h5>\n<h5>1844-1849: Carl J\u00f6nsson f. 1795, h.h. Pernilla M\u00e5nsdotter f. 1793, 4 barn<\/h5>\n<h5>2 barn tar tj\u00e4nst som piga och dr\u00e4ng p\u00e5 annan ort.<\/h5>\n<h5>1849-1851: Carl J\u00f6nsson f. 1795, h.h. Pernilla M\u00e5nsdotter f. 1793 (avlider 1853), 2 barn<\/h5>\n<h5>Magnus J\u00f6nsson f. 1814 i G\u00f6theryd, h.h. Elin Jonsdotter, f. 1815, hennes o.\u00e4 dotter Pernilla, f. 1839<\/h5>\n<h5><\/h5>\n<h5>1852-1880: Magnus J\u00f6nsson f. 1814, h.h. Elin Jonsdotter, f. 1815, fam. flyttade till Pehrtorp \u00d6rnaholma 1853, (Elin d\u00f6md f\u00f6r f\u00f6rsta resan st\u00f6ld 1854).<\/h5>\n<h5>Hustru Elin Jonsdotter f. 26\/3 1813 i Hallaryd, Pehr Bengtsson, svagsint intagen p\u00e5 hospital, dottern <b>Pernilla<\/b> Persdotter f. 24\/8 1838 i Hallaryd, kom fr\u00e5n <b>Hallseryd<\/b> 1853. \u00c5r 1861 st\u00e5r Elin som \u00e4nka (d\u00e4rf\u00f6r namnet Halsa-Palla eller Hallseryd-Palla).<\/h5>\n<h5><\/h5>\n<h5>1881-1905: Elin avlider 1884, Pernilla bor kvar p\u00e5 torpet.<\/h5>\n<h5><\/h5>\n<h5>1906-1916: Pernilla avlider 13\/7 1909, Torpet verka st\u00e5 \u00f6de efter 1909.<\/h5>\n<h5><\/h5>\n<h5>Enligt karta 1853, 07-HAL-132, sid 44, \u00a0Nr 352 skrivs Torpet Carlstad, ligger strax vid \u00d6rns hus i \u00d6rsn\u00e4s.<\/h5>\n<h5><\/h5>\n<h5>GPS: N56.487688\u00a0 E13.935484<\/h5>\n<h5>K\u00e4lla: AI\/8, sid 111; AI\/9, sid 135 (270);AI\/10, sid 184; AI\/11, sid 213; \u00a0AI\/12, sid 186; AI\/13, sid 255; AI\/14, sid 247; AI\/15, sid 261; AI\/16, sid 305; AI\/17, sid 296; AI\/18, sid 242; AI\/19, sid 244; AI\/20, sid 244; AI\/21, sid 236; AII\/1, sid 361; AII\/2, sid 360;<\/h5>\n","protected":false},"excerpt":{"rendered":"<p>Under \u00c5rbohult 1:4 Bebott: 1820-1909 1820-1844: Sockenskr\u00e4ddare Carl J\u00f6nsson f. 1795, h.h. Pernilla M\u00e5nsdotter f. 1793, 6 barn, afskedad som sockenskr\u00e4ddare 1842 1844-1849: Carl J\u00f6nsson f. 1795, h.h. Pernilla M\u00e5nsdotter f. 1793, 4 barn 2 barn tar tj\u00e4nst som piga &hellip; <a href=\"https:\/\/hallaryd.se\/?page_id=1329\">Continue reading <span class=\"meta-nav\">&rarr;<\/span><\/a><\/p>\n","protected":false},"author":12,"featured_media":1330,"parent":0,"menu_order":0,"comment_status":"closed","ping_status":"closed","template":"","meta":{"footnotes":""},"class_list":["post-1329","page","type-page","status-publish","has-post-thumbnail","hentry"],"_links":{"self":[{"href":"https:\/\/hallaryd.se\/index.php?rest_route=\/wp\/v2\/pages\/1329","targetHints":{"allow":["GET"]}}],"collection":[{"href":"https:\/\/hallaryd.se\/index.php?rest_route=\/wp\/v2\/pages"}],"about":[{"href":"https:\/\/hallaryd.se\/index.php?rest_route=\/wp\/v2\/types\/page"}],"author":[{"embeddable":true,"href":"https:\/\/hallaryd.se\/index.php?rest_route=\/wp\/v2\/users\/12"}],"replies":[{"embeddable":true,"href":"https:\/\/hallaryd.se\/index.php?rest_route=%2Fwp%2Fv2%2Fcomments&post=1329"}],"version-history":[{"count":1,"href":"https:\/\/hallaryd.se\/index.php?rest_route=\/wp\/v2\/pages\/1329\/revisions"}],"predecessor-version":[{"id":1331,"href":"https:\/\/hallaryd.se\/index.php?rest_route=\/wp\/v2\/pages\/1329\/revisions\/1331"}],"wp:featuredmedia":[{"embeddable":true,"href":"https:\/\/hallaryd.se\/index.php?rest_route=\/wp\/v2\/media\/1330"}],"wp:attachment":[{"href":"https:\/\/hallaryd.se\/index.php?rest_route=%2Fwp%2Fv2%2Fmedia&parent=1329"}],"curies":[{"name":"wp","href":"https:\/\/api.w.org\/{rel}","templated":true}]}}