{"id":1084,"date":"2019-03-31T15:11:04","date_gmt":"2019-03-31T13:11:04","guid":{"rendered":"http:\/\/hallaryd.se\/?page_id=1084"},"modified":"2022-03-18T07:38:44","modified_gmt":"2022-03-18T06:38:44","slug":"26-torsholma","status":"publish","type":"page","link":"https:\/\/hallaryd.se\/?page_id=1084","title":{"rendered":"26 Torsholma"},"content":{"rendered":"<p><a href=\"http:\/\/hallaryd.se\/?page_id=1892\">Berghem<\/a><\/p>\n<p><a title=\"B\u00e4ckaholm, Torsholma\" href=\"http:\/\/hallaryd.se\/?page_id=1374\">B\u00e4ckaholm<\/a><\/p>\n<p><a href=\"http:\/\/hallaryd.se\/?page_id=1666\">Gr\u00f6nadal<\/a><\/p>\n<p><a title=\"L\u00f6nesl\u00e4tt\/L\u00f6nekull\" href=\"http:\/\/hallaryd.se\/?page_id=1466\">L\u00f6nesl\u00e4tt<\/a><\/p>\n<p><a title=\"Sj\u00f6hagen (Jeppas)\" href=\"http:\/\/hallaryd.se\/?page_id=1468\">Sj\u00f6hagen<\/a><\/p>\n<p><a title=\"Skogsn\u00e4s\" href=\"http:\/\/hallaryd.se\/?page_id=1372\">Skogsn\u00e4s<\/a><\/p>\n<p><a title=\"Soldattorp Torsholma Rote 43, Str\u00f6msborg\" href=\"http:\/\/hallaryd.se\/?page_id=1472\">Soldattorp 43<\/a><\/p>\n<p><a title=\"Svensborg \u2013 Svenstorp, Torsholma\" href=\"http:\/\/hallaryd.se\/?page_id=1474\">Svensborg<\/a><\/p>\n<p><a href=\"http:\/\/hallaryd.se\/?page_id=1894\">Tuva Lycke<\/a><\/p>\n","protected":false},"excerpt":{"rendered":"<p>Berghem B\u00e4ckaholm Gr\u00f6nadal L\u00f6nesl\u00e4tt Sj\u00f6hagen Skogsn\u00e4s Soldattorp 43 Svensborg Tuva Lycke<\/p>\n","protected":false},"author":12,"featured_media":0,"parent":0,"menu_order":0,"comment_status":"closed","ping_status":"closed","template":"","meta":{"footnotes":""},"class_list":["post-1084","page","type-page","status-publish","hentry"],"_links":{"self":[{"href":"https:\/\/hallaryd.se\/index.php?rest_route=\/wp\/v2\/pages\/1084","targetHints":{"allow":["GET"]}}],"collection":[{"href":"https:\/\/hallaryd.se\/index.php?rest_route=\/wp\/v2\/pages"}],"about":[{"href":"https:\/\/hallaryd.se\/index.php?rest_route=\/wp\/v2\/types\/page"}],"author":[{"embeddable":true,"href":"https:\/\/hallaryd.se\/index.php?rest_route=\/wp\/v2\/users\/12"}],"replies":[{"embeddable":true,"href":"https:\/\/hallaryd.se\/index.php?rest_route=%2Fwp%2Fv2%2Fcomments&post=1084"}],"version-history":[{"count":6,"href":"https:\/\/hallaryd.se\/index.php?rest_route=\/wp\/v2\/pages\/1084\/revisions"}],"predecessor-version":[{"id":1927,"href":"https:\/\/hallaryd.se\/index.php?rest_route=\/wp\/v2\/pages\/1084\/revisions\/1927"}],"wp:attachment":[{"href":"https:\/\/hallaryd.se\/index.php?rest_route=%2Fwp%2Fv2%2Fmedia&parent=1084"}],"curies":[{"name":"wp","href":"https:\/\/api.w.org\/{rel}","templated":true}]}}