{"id":1074,"date":"2019-03-31T15:08:01","date_gmt":"2019-03-31T13:08:01","guid":{"rendered":"http:\/\/hallaryd.se\/?page_id=1074"},"modified":"2022-03-18T07:27:48","modified_gmt":"2022-03-18T06:27:48","slug":"21-sjuhult","status":"publish","type":"page","link":"https:\/\/hallaryd.se\/?page_id=1074","title":{"rendered":"21 Sjuhult"},"content":{"rendered":"<p><a href=\"http:\/\/hallaryd.se\/?page_id=1860\">Bengtstorp<\/a><\/p>\n<p><a href=\"http:\/\/hallaryd.se\/?page_id=1862\">Bj\u00f6rkelund<\/a><\/p>\n<p><a href=\"http:\/\/hallaryd.se\/?page_id=1864\">Flyholmen<\/a><\/p>\n<p><a href=\"http:\/\/hallaryd.se\/?page_id=1866\">Gammalstorp<\/a><\/p>\n<p><a title=\"G\u00f6kalund\" href=\"http:\/\/hallaryd.se\/?page_id=1447\">G\u00f6kalund<\/a><\/p>\n<p><a title=\"G\u00f6kalund\" href=\"http:\/\/hallaryd.se\/?page_id=1447\">Hannes<\/a><\/p>\n<p><a href=\"http:\/\/hallaryd.se\/?page_id=1868\">Jonstorp<\/a><\/p>\n<p><a href=\"http:\/\/hallaryd.se\/?page_id=1870\">Lilla Hem<\/a><\/p>\n<p><a title=\"Nytorp\" href=\"http:\/\/hallaryd.se\/?page_id=1451\">Nytorp<\/a><\/p>\n<p><a href=\"http:\/\/hallaryd.se\/?page_id=1872\">Soldattorp rote 34<\/a><\/p>\n<p><a title=\"Svenstorp, Sjuhult\" href=\"http:\/\/hallaryd.se\/?page_id=1453\">Svenstorp<\/a><\/p>\n<p><a title=\"\u00c5kestorp, Sjuhult\" href=\"http:\/\/hallaryd.se\/?page_id=1455\">\u00c5kestorp<\/a><\/p>\n","protected":false},"excerpt":{"rendered":"<p>Bengtstorp Bj\u00f6rkelund Flyholmen Gammalstorp G\u00f6kalund Hannes Jonstorp Lilla Hem Nytorp Soldattorp rote 34 Svenstorp \u00c5kestorp<\/p>\n","protected":false},"author":12,"featured_media":0,"parent":0,"menu_order":0,"comment_status":"closed","ping_status":"closed","template":"","meta":{"footnotes":""},"class_list":["post-1074","page","type-page","status-publish","hentry"],"_links":{"self":[{"href":"https:\/\/hallaryd.se\/index.php?rest_route=\/wp\/v2\/pages\/1074","targetHints":{"allow":["GET"]}}],"collection":[{"href":"https:\/\/hallaryd.se\/index.php?rest_route=\/wp\/v2\/pages"}],"about":[{"href":"https:\/\/hallaryd.se\/index.php?rest_route=\/wp\/v2\/types\/page"}],"author":[{"embeddable":true,"href":"https:\/\/hallaryd.se\/index.php?rest_route=\/wp\/v2\/users\/12"}],"replies":[{"embeddable":true,"href":"https:\/\/hallaryd.se\/index.php?rest_route=%2Fwp%2Fv2%2Fcomments&post=1074"}],"version-history":[{"count":3,"href":"https:\/\/hallaryd.se\/index.php?rest_route=\/wp\/v2\/pages\/1074\/revisions"}],"predecessor-version":[{"id":1922,"href":"https:\/\/hallaryd.se\/index.php?rest_route=\/wp\/v2\/pages\/1074\/revisions\/1922"}],"wp:attachment":[{"href":"https:\/\/hallaryd.se\/index.php?rest_route=%2Fwp%2Fv2%2Fmedia&parent=1074"}],"curies":[{"name":"wp","href":"https:\/\/api.w.org\/{rel}","templated":true}]}}